000
CDUS43 KAPX 060537
CLIHTL


CLIMATE REPORT
NATIONAL WEATHER SERVICE GAYLORD MI
136 AM EDT WED MAY 6 2015


...................................

...THE HOUGHTON LAKE MI CLIMATE SUMMARY FOR MAY 5 2015...

CLIMATE NORMAL PERIOD 1981 TO 2010
CLIMATE RECORD PERIOD 1913 TO 2015


WEATHER ITEM   OBSERVED TIME   RECORD YEAR NORMAL DEPARTURE LAST
                VALUE   (LST)  VALUE       VALUE  FROM      YEAR
                                                  NORMAL
..................................................................
TEMPERATURE (F)
 YESTERDAY
  MAXIMUM         68    347 PM  90    1949  63      5       54
                                      1941
  MINIMUM         34    507 AM  21    1920  38     -4       32
  AVERAGE         51                        50      1       43

PRECIPITATION (IN)
  YESTERDAY        0.00          0.80 1956   0.08  -0.08      T
  MONTH TO DATE    T                         0.40  -0.40     0.70
  SINCE MAR 1      2.73                      4.72  -1.99     7.51
  SINCE JAN 1      4.54                      7.44  -2.90    10.31

DEGREE DAYS
 HEATING
  YESTERDAY       14                        15     -1       22
  MONTH TO DATE   40                        77    -37      104
  SINCE MAR 1   1894                      1866     28     2226
  SINCE JUL 1   8261                      7738    523     8674

 COOLING
  YESTERDAY        0                         0      0        0
  MONTH TO DATE    0                         0      0        0
  SINCE MAR 1      0                         2     -2        0
  SINCE JAN 1      0                         2     -2        0
..................................................................


WIND (MPH)
  HIGHEST WIND SPEED    16   HIGHEST WIND DIRECTION    NE (60)
  HIGHEST GUST SPEED    19   HIGHEST GUST DIRECTION    NE (50)
  AVERAGE WIND SPEED     4.0




RELATIVE HUMIDITY (PERCENT)
 HIGHEST    92
 LOWEST     15
 AVERAGE    54

..........................................................


THE HOUGHTON LAKE MI CLIMATE NORMALS FOR TODAY
                         NORMAL    RECORD    YEAR
 MAXIMUM TEMPERATURE (F)   63        88      1949
                                             1934
                                             1930
 MINIMUM TEMPERATURE (F)   39        23      1968
                                             1935


SUNRISE AND SUNSET
MAY  6 2015...........SUNRISE   623 AM EDT   SUNSET   849 PM EDT
MAY  7 2015...........SUNRISE   622 AM EDT   SUNSET   850 PM EDT


-  INDICATES NEGATIVE NUMBERS.
R  INDICATES RECORD WAS SET OR TIED.
MM INDICATES DATA IS MISSING.
T  INDICATES TRACE AMOUNT.




$$
