000
CDUS41 KRLX 042131
CLIHTS


CLIMATE REPORT
NATIONAL WEATHER SERVICE CHARLESTON WV
528 PM EDT MON MAY 4 2015


...................................

...THE HUNTINGTON WV CLIMATE SUMMARY FOR MAY 4 2015...
VALID TODAY AS OF 0500 PM LOCAL TIME.

CLIMATE NORMAL PERIOD 1981 TO 2010
CLIMATE RECORD PERIOD 1897 TO 2015


WEATHER ITEM   OBSERVED TIME   RECORD YEAR NORMAL DEPARTURE LAST
                VALUE   (LST)  VALUE       VALUE  FROM      YEAR
                                                  NORMAL
..................................................................
TEMPERATURE (F)
 TODAY
  MAXIMUM         83    332 PM  93    1959  73     10       79
  MINIMUM         47    535 AM  30    1986  50     -3       47
  AVERAGE         65                        61      4       63

PRECIPITATION (IN)
  TODAY            0.00          1.28 1958   0.15  -0.15     0.00
  MONTH TO DATE    0.00                      0.56  -0.56      T
  SINCE MAR 1     13.90                      7.90   6.00     9.62
  SINCE JAN 1     19.34                     13.94   5.40    16.98

DEGREE DAYS
 HEATING
  TODAY            0                         5     -5        2
  MONTH TO DATE   20                        22     -2       31
  SINCE MAR 1    922                       909     13      981
  SINCE JUL 1   4938                      4410    528     4742

 COOLING
  TODAY            0                         1     -1        0
  MONTH TO DATE    0                         4     -4        0
  SINCE MAR 1      9                        36    -27       14
  SINCE JAN 1      9                        36    -27       14
..................................................................


WIND (MPH)
  HIGHEST WIND SPEED    16   HIGHEST WIND DIRECTION    SW (240)
  HIGHEST GUST SPEED    24   HIGHEST GUST DIRECTION    SW (230)
  AVERAGE WIND SPEED     4.8


SKY COVER
  POSSIBLE SUNSHINE  MM
  AVERAGE SKY COVER 0.1


WEATHER CONDITIONS
 THE FOLLOWING WEATHER WAS RECORDED TODAY.
  NO SIGNIFICANT WEATHER WAS OBSERVED.


RELATIVE HUMIDITY (PERCENT)
 HIGHEST    93           400 AM
 LOWEST     33           100 PM
 AVERAGE    63

..........................................................


THE HUNTINGTON WV CLIMATE NORMALS FOR TOMORROW
                         NORMAL    RECORD    YEAR
 MAXIMUM TEMPERATURE (F)   73        94      1950
                                             1949
 MINIMUM TEMPERATURE (F)   50        32      2011


SUNRISE AND SUNSET
MAY  4 2015...........SUNRISE   630 AM EDT   SUNSET   824 PM EDT
MAY  5 2015...........SUNRISE   629 AM EDT   SUNSET   825 PM EDT


-  INDICATES NEGATIVE NUMBERS.
R  INDICATES RECORD WAS SET OR TIED.
MM INDICATES DATA IS MISSING.
T  INDICATES TRACE AMOUNT.




$$
