000
CDUS41 KCAR 250529
CLIHUL


CLIMATE REPORT
NATIONAL WEATHER SERVICE CARIBOU, ME
128 AM EDT SAT APR 25 2015


...................................

...THE HOULTON ME CLIMATE SUMMARY FOR APRIL 24 2015...

CLIMATE NORMAL PERIOD 1981 TO 2010
CLIMATE RECORD PERIOD 1948 TO 2015


WEATHER ITEM   OBSERVED TIME   RECORD YEAR NORMAL DEPARTURE LAST
                VALUE   (LST)  VALUE       VALUE  FROM      YEAR
                                                  NORMAL
..................................................................
TEMPERATURE (F)
 YESTERDAY
  MAXIMUM         42    136 PM  82    1942  55    -13       37
  MINIMUM         33   1159 PM  17    1985  32      1       33
  AVERAGE         38                        43     -5       35

PRECIPITATION (IN)
  YESTERDAY        0.17          0.77 1974   0.13   0.04     0.45
  MONTH TO DATE    2.33                      3.07  -0.74     3.41
  SINCE MAR 1      3.04                      5.66  -2.62     5.89
  SINCE JAN 1      5.14                     10.52  -5.38    11.47

SNOWFALL (IN)
  YESTERDAY       MM             8.8  1974   0.1   MM       MM
  MONTH TO DATE    0.0                       5.6   -5.6     MM
  SINCE MAR 1      0.0                      23.4  -23.4     MM
  SINCE JUL 1      0.0                      89.0  -89.0     MM
  SNOW DEPTH      MM

DEGREE DAYS
 HEATING
  YESTERDAY       27                        22      5       30
  MONTH TO DATE  704                       655     49      653
  SINCE MAR 1   2100                      1878    222     2154
  SINCE JUL 1   8668                      8451    217     8744

 COOLING
  YESTERDAY        0                         0      0        0
  MONTH TO DATE    0                         0      0        0
  SINCE MAR 1      0                         0      0        0
  SINCE JAN 1      0                         0      0        0
..................................................................


WIND (MPH)
  HIGHEST WIND SPEED    17   HIGHEST WIND DIRECTION     N (20)
  HIGHEST GUST SPEED    20   HIGHEST GUST DIRECTION     N (360)
  AVERAGE WIND SPEED     6.9


SKY COVER
  POSSIBLE SUNSHINE  MM
  AVERAGE SKY COVER 1.0


WEATHER CONDITIONS
 THE FOLLOWING WEATHER WAS RECORDED YESTERDAY.
  LIGHT RAIN
  LIGHT SNOW
  FOG


RELATIVE HUMIDITY (PERCENT)
 HIGHEST    96          1000 PM
 LOWEST     85          1000 AM
 AVERAGE    91

..........................................................


THE HOULTON ME CLIMATE NORMALS FOR TODAY
                         NORMAL    RECORD    YEAR
 MAXIMUM TEMPERATURE (F)   55        81      1942
 MINIMUM TEMPERATURE (F)   32        17      1965


SUNRISE AND SUNSET
APRIL 25 2015.........SUNRISE   528 AM EDT   SUNSET   731 PM EDT
APRIL 26 2015.........SUNRISE   526 AM EDT   SUNSET   733 PM EDT


-  INDICATES NEGATIVE NUMBERS.
R  INDICATES RECORD WAS SET OR TIED.
MM INDICATES DATA IS MISSING.
T  INDICATES TRACE AMOUNT.




$$
