000
CDUS45 KTFX 202246
CLIHVR


CLIMATE REPORT
NATIONAL WEATHER SERVICE GREAT FALLS MT
442 PM MDT MON APR 20 2015


...................................

...THE HAVRE MT CLIMATE SUMMARY FOR APRIL 20 2015...
VALID TODAY AS OF 0400 PM LOCAL TIME.

CLIMATE NORMAL PERIOD 1981 TO 2010
CLIMATE RECORD PERIOD 1880 TO 2015


WEATHER ITEM   OBSERVED TIME   RECORD YEAR NORMAL DEPARTURE LAST
                VALUE   (LST)  VALUE       VALUE  FROM      YEAR
                                                  NORMAL
..................................................................
TEMPERATURE (F)
 TODAY
  MAXIMUM         66    226 PM  91    1980  60      6       65
  MINIMUM         21    604 AM  12    2008  32    -11       34
  AVERAGE         44                        46     -2       50

PRECIPITATION (IN)
  TODAY            0.00          1.49 1973   0.03  -0.03     0.00
  MONTH TO DATE    0.30                      0.49  -0.19     0.11
  SINCE OCT 1      4.03                      3.05   0.98     3.92
  SINCE JAN 1      2.46                      1.64   0.82     1.91

SNOWFALL (IN)
  TODAY            0.0          15.6  1967   0.1   -0.1      0.0
  MONTH TO DATE    T                         2.4   -2.4       T
  SINCE MAR 1      T                         8.7   -8.7      7.0
  SINCE JUL 1     20.6                      36.6  -16.0     44.4
  SNOW DEPTH       0

DEGREE DAYS
 HEATING
  TODAY           21                        19      2       15
  MONTH TO DATE  448                       443      5      442
  SINCE MAR 1   1180                      1441   -261     1604
  SINCE JUL 1   6848                      7561   -713     7845

 COOLING
  TODAY            0                         0      0        0
  MONTH TO DATE    0                         0      0        0
  SINCE MAR 1      0                         0      0        0
  SINCE JAN 1      0                         0      0        0
..................................................................


WIND (MPH)
  HIGHEST WIND SPEED    17   HIGHEST WIND DIRECTION     W (270)
  HIGHEST GUST SPEED    24   HIGHEST GUST DIRECTION     W (280)
  AVERAGE WIND SPEED     5.6


SKY COVER
  AVERAGE SKY COVER 0.1


WEATHER CONDITIONS
 THE FOLLOWING WEATHER WAS RECORDED TODAY.
  NO SIGNIFICANT WEATHER WAS OBSERVED.


RELATIVE HUMIDITY (PERCENT)
 HIGHEST    85           700 AM
 LOWEST     23          1200 PM
 AVERAGE    54

..........................................................


THE HAVRE MT CLIMATE NORMALS FOR TOMORROW
                         NORMAL    RECORD    YEAR
 MAXIMUM TEMPERATURE (F)   60        85      1942
 MINIMUM TEMPERATURE (F)   32        -3      1967


SUNRISE AND SUNSET
APRIL 20 2015.........SUNRISE   619 AM MDT   SUNSET   817 PM MDT
APRIL 21 2015.........SUNRISE   618 AM MDT   SUNSET   819 PM MDT


-  INDICATES NEGATIVE NUMBERS.
R  INDICATES RECORD WAS SET OR TIED.
MM INDICATES DATA IS MISSING.
T  INDICATES TRACE AMOUNT.




$$
