000
CDUS45 KPIH 180731
CLIIDA


CLIMATE REPORT
NATIONAL WEATHER SERVICE POCATELLO ID
130 AM MDT SAT APR 18 2015


...................................

...THE IDAHO FALLS ID CLIMATE SUMMARY FOR APRIL 17 2015...

CLIMATE NORMAL PERIOD 1981 TO 2010
CLIMATE RECORD PERIOD 1948 TO 2015


WEATHER ITEM   OBSERVED TIME   RECORD YEAR NORMAL DEPARTURE LAST
                VALUE   (LST)  VALUE       VALUE  FROM      YEAR
                                                  NORMAL
..................................................................
TEMPERATURE (F)
 YESTERDAY
  MAXIMUM         68    458 PM  78    1988  58     10       67
  MINIMUM         26    603 AM  17    1960  32     -6       29
  AVERAGE         47                        45      2       48

PRECIPITATION (IN)
  YESTERDAY        0.00          0.45 2006   0.04  -0.04     0.00
  MONTH TO DATE    0.32                      0.57  -0.25     0.09
  SINCE OCT 1      2.30                      5.35  -3.05     3.68
  SINCE JAN 1      0.84                      2.78  -1.94     2.38

SNOWFALL (IN)
  YESTERDAY       MM
  MONTH TO DATE   MM
  SINCE MAR 1     MM
  SINCE JUL 1     MM
  SNOW DEPTH      MM

DEGREE DAYS
 HEATING
  YESTERDAY       18                        20     -2       17
  MONTH TO DATE  391                       373     18      360
  SINCE MAR 1   1083                      1275   -192     1152
  SINCE JUL 1   5901                      7077  -1176     6669

 COOLING
  YESTERDAY        0                         0      0        0
  MONTH TO DATE    0                         0      0        0
  SINCE MAR 1      0                         0      0        0
  SINCE JAN 1      0                         0      0        0
..................................................................


WIND (MPH)
  HIGHEST WIND SPEED    14   HIGHEST WIND DIRECTION     S (200)
  HIGHEST GUST SPEED    17   HIGHEST GUST DIRECTION     S (200)
  AVERAGE WIND SPEED     5.7


SKY COVER
  POSSIBLE SUNSHINE  MM
  AVERAGE SKY COVER 0.0


WEATHER CONDITIONS
 THE FOLLOWING WEATHER WAS RECORDED YESTERDAY.
  HAZE


RELATIVE HUMIDITY (PERCENT)
 HIGHEST    85           300 AM
 LOWEST     11           500 PM
 AVERAGE    48

..........................................................


THE IDAHO FALLS ID CLIMATE NORMALS FOR TODAY
                         NORMAL    RECORD    YEAR
 MAXIMUM TEMPERATURE (F)   59        79      1962
 MINIMUM TEMPERATURE (F)   32        14      2013


SUNRISE AND SUNSET
APRIL 18 2015.........SUNRISE   641 AM MDT   SUNSET   815 PM MDT
APRIL 19 2015.........SUNRISE   639 AM MDT   SUNSET   816 PM MDT


-  INDICATES NEGATIVE NUMBERS.
R  INDICATES RECORD WAS SET OR TIED.
MM INDICATES DATA IS MISSING.
T  INDICATES TRACE AMOUNT.




$$
