000
CDUS45 KVEF 040028
CLIIGM


CLIMATE REPORT
NATIONAL WEATHER SERVICE LAS VEGAS, NV
527 PM PDT SUN MAY 3 2015


...................................

...THE KINGMAN AZ CLIMATE SUMMARY FOR MAY 3 2015...
VALID TODAY AS OF 0500 PM LOCAL TIME.

CLIMATE NORMAL PERIOD 1981 TO 2010
CLIMATE RECORD PERIOD 1901 TO 2015


WEATHER ITEM   OBSERVED TIME   RECORD YEAR NORMAL DEPARTURE LAST
                VALUE   (LST)  VALUE       VALUE  FROM      YEAR
                                                  NORMAL
..................................................................
TEMPERATURE (F)
 TODAY
  MAXIMUM         84    347 PM 103    1947  80      4       91
  MINIMUM         55    449 AM  34    1942  49      6       54
  AVERAGE         70                        64      6       73

PRECIPITATION (IN)
  TODAY            0.00          0.05 1908   0.01  -0.01     0.00
  MONTH TO DATE    0.00                      0.03  -0.03     0.00
  SINCE OCT 1      4.94                      5.46  -0.52     1.67
  SINCE JAN 1      2.81                      3.36  -0.55     0.79

DEGREE DAYS
 HEATING
  TODAY            0                         3     -3        0
  MONTH TO DATE    0                        10    -10        1
  SINCE MAR 1    462                       643   -181      471
  SINCE JUL 1   2442                      3056   -614     2793

 COOLING
  TODAY            5                         3      2        8
  MONTH TO DATE   20                         8     12       12
  SINCE MAR 1     38                        39     -1       45
  SINCE JAN 1     38                        39     -1       45
..................................................................


WIND (MPH)
  RESULTANT WIND SPEED   8   RESULTANT WIND DIRECTION   S (170)
  HIGHEST WIND SPEED    28   HIGHEST WIND DIRECTION    SW (230)
  HIGHEST GUST SPEED    39   HIGHEST GUST DIRECTION    SW (230)
  AVERAGE WIND SPEED    11.6


SKY COVER
  POSSIBLE SUNSHINE  MM
  AVERAGE SKY COVER 0.2


WEATHER CONDITIONS
 THE FOLLOWING WEATHER WAS RECORDED TODAY.
  NO SIGNIFICANT WEATHER WAS OBSERVED.


RELATIVE HUMIDITY (PERCENT)
 HIGHEST    41           500 AM
 LOWEST     13           200 PM
 AVERAGE    27

..........................................................


THE KINGMAN AZ CLIMATE NORMALS FOR TOMORROW
                         NORMAL    RECORD    YEAR
 MAXIMUM TEMPERATURE (F)   80       102      1947
 MINIMUM TEMPERATURE (F)   49        30      1908


SUNRISE AND SUNSET
MAY  3 2015...........SUNRISE   543 AM MST   SUNSET   723 PM MST
MAY  4 2015...........SUNRISE   542 AM MST   SUNSET   724 PM MST


-  INDICATES NEGATIVE NUMBERS.
R  INDICATES RECORD WAS SET OR TIED.
MM INDICATES DATA IS MISSING.
T  INDICATES TRACE AMOUNT.




$$
