000
CDUS43 KILX 050631
CLIILX


CLIMATE REPORT
NATIONAL WEATHER SERVICE LINCOLN IL
130 AM CDT TUE MAY 5 2015


...................................

...THE LINCOLN IL CLIMATE SUMMARY FOR MAY 4 2015...

CLIMATE NORMAL PERIOD 1981 TO 2010
CLIMATE RECORD PERIOD 1905 TO 2015


WEATHER ITEM   OBSERVED TIME   RECORD YEAR NORMAL DEPARTURE LAST
                VALUE   (LST)  VALUE       VALUE  FROM      YEAR
                                                  NORMAL
..................................................................
TEMPERATURE (F)
 YESTERDAY
  MAXIMUM         80        MM  92    1952  71      9       70
  MINIMUM         60        MM  26    2005  48     12       43
  AVERAGE         70                        59     11       57

PRECIPITATION (IN)
  YESTERDAY        0.59          1.75 1908   0.14   0.45     0.00
  MONTH TO DATE    0.59                      0.53   0.06      T
  SINCE MAR 1      4.38                      6.74  -2.36     4.88
  SINCE JAN 1      7.14                     10.49  -3.35     9.54

SNOWFALL (IN)
  YESTERDAY        0.0           T    1917   0.0    0.0      0.0
  MONTH TO DATE    0.0                       0.0    0.0      0.0
  SINCE MAR 1      3.7                       2.0    1.7      4.7
  SINCE JUL 1     21.9                      20.5    1.4     46.3
  SNOW DEPTH       0

DEGREE DAYS
 HEATING
  YESTERDAY        0                         7     -7        8
  MONTH TO DATE   18                        29    -11       42
  SINCE MAR 1   1170                      1161      9     1331
  SINCE JUL 1   6107                      5584    523     6575

 COOLING
  YESTERDAY        5                         1      4        0
  MONTH TO DATE    9                         4      5        0
  SINCE MAR 1     10                        19     -9        1
  SINCE JAN 1     10                        19     -9        1
..................................................................


WIND (MPH)
  HIGHEST WIND SPEED    MM   HIGHEST WIND DIRECTION    MM
  HIGHEST GUST SPEED    MM   HIGHEST GUST DIRECTION    MM
  AVERAGE WIND SPEED    MM


SKY COVER
  POSSIBLE SUNSHINE  MM


WEATHER CONDITIONS
 THE FOLLOWING WEATHER WAS RECORDED YESTERDAY.
  NO SIGNIFICANT WEATHER WAS OBSERVED.


..........................................................


THE LINCOLN IL CLIMATE NORMALS FOR TODAY
                         NORMAL    RECORD    YEAR
 MAXIMUM TEMPERATURE (F)   71        94      1952
 MINIMUM TEMPERATURE (F)   48        31      1925


SUNRISE AND SUNSET
MAY  5 2015...........SUNRISE   553 AM CDT   SUNSET   756 PM CDT
MAY  6 2015...........SUNRISE   551 AM CDT   SUNSET   757 PM CDT


-  INDICATES NEGATIVE NUMBERS.
R  INDICATES RECORD WAS SET OR TIED.
MM INDICATES DATA IS MISSING.
T  INDICATES TRACE AMOUNT.




$$
