000
CDUS43 KILX 020635
CLIILX


CLIMATE REPORT
NATIONAL WEATHER SERVICE LINCOLN IL
134 AM CDT THU APR 2 2015


...................................

...THE LINCOLN IL CLIMATE SUMMARY FOR APRIL 1 2015...

CLIMATE NORMAL PERIOD 1981 TO 2010
CLIMATE RECORD PERIOD 1905 TO 2015


WEATHER ITEM   OBSERVED TIME   RECORD YEAR NORMAL DEPARTURE LAST
                VALUE   (LST)  VALUE       VALUE  FROM      YEAR
                                                  NORMAL
..................................................................
TEMPERATURE (F)
 YESTERDAY
  MAXIMUM         76        MM  86    2012  58     18       55
  MINIMUM         36        MM  19    1926  36      0       32
  AVERAGE         56                        47      9       44

PRECIPITATION (IN)
  YESTERDAY        0.00          1.76 1927   0.11  -0.11     0.02
  MONTH TO DATE    0.00                      0.11  -0.11     0.02
  SINCE MAR 1      1.55                      2.71  -1.16     1.91
  SINCE JAN 1      4.31                      6.46  -2.15     6.57

SNOWFALL (IN)
  YESTERDAY        0.0           1.6  1924   0.0    0.0      0.0
  MONTH TO DATE    0.0                       0.0    0.0      0.0
  SINCE MAR 1      3.7                       1.7    2.0      4.7
  SINCE JUL 1     21.9                      20.2    1.7     46.3
  SNOW DEPTH       0

DEGREE DAYS
 HEATING
  YESTERDAY        9                        18     -9       21
  MONTH TO DATE    9                        18     -9       21
  SINCE MAR 1    834                       759     75      953
  SINCE JUL 1   5771                      5182    589     6197

 COOLING
  YESTERDAY        0                         0      0        0
  MONTH TO DATE    0                         0      0        0
  SINCE MAR 1      0                         2     -2        0
  SINCE JAN 1      0                         2     -2        0
..................................................................


WIND (MPH)
  HIGHEST WIND SPEED    MM   HIGHEST WIND DIRECTION    MM
  HIGHEST GUST SPEED    MM   HIGHEST GUST DIRECTION    MM
  AVERAGE WIND SPEED    MM


SKY COVER
  POSSIBLE SUNSHINE  MM


WEATHER CONDITIONS
 THE FOLLOWING WEATHER WAS RECORDED YESTERDAY.
  NO SIGNIFICANT WEATHER WAS OBSERVED.


..........................................................


THE LINCOLN IL CLIMATE NORMALS FOR TODAY
                         NORMAL    RECORD    YEAR
 MAXIMUM TEMPERATURE (F)   59        84      1940
 MINIMUM TEMPERATURE (F)   36        20      1961


SUNRISE AND SUNSET
APRIL  2 2015.........SUNRISE   640 AM CDT   SUNSET   723 PM CDT
APRIL  3 2015.........SUNRISE   638 AM CDT   SUNSET   724 PM CDT


-  INDICATES NEGATIVE NUMBERS.
R  INDICATES RECORD WAS SET OR TIED.
MM INDICATES DATA IS MISSING.
T  INDICATES TRACE AMOUNT.




$$
