000
CDUS43 KDVN 060923
CLIIOW


CLIMATE REPORT
NATIONAL WEATHER SERVICE QUAD CITIES IA IL
422 AM CDT WED MAY 6 2015


...................................

...THE IOWA CITY IA CLIMATE SUMMARY FOR MAY 5 2015...

CLIMATE NORMAL PERIOD 1981 TO 2010
CLIMATE RECORD PERIOD 9999 TO 9999


WEATHER ITEM   OBSERVED TIME   RECORD YEAR NORMAL DEPARTURE LAST
                VALUE   (LST)  VALUE       VALUE  FROM      YEAR
                                                  NORMAL
..................................................................
TEMPERATURE (F)
 YESTERDAY
  MAXIMUM         71    440 PM  MM      MM  68      3       68
  MINIMUM         61   1159 PM  MM      MM  47     14       46
  AVERAGE         66                        57      9       57

PRECIPITATION (IN)
  YESTERDAY        0.41         MM      MM   0.13   0.28     0.00
  MONTH TO DATE    2.10                      0.73   1.37     0.02
  SINCE MAR 1      5.73                      6.45  -0.72     6.47
  SINCE JAN 1      7.31                      8.61  -1.30     8.30

DEGREE DAYS
 HEATING
  YESTERDAY        0                         8     -8        8
  MONTH TO DATE   16                        44    -28       57
  SINCE MAR 1   1244                      1287    -43     1576
  SINCE JUL 1   6609                      6237    372     7369

 COOLING
  YESTERDAY        1                         1      0        0
  MONTH TO DATE    7                         2      5        0
  SINCE MAR 1      7                         6      1        3
  SINCE JAN 1      7                         6      1        3
..................................................................


WIND (MPH)
  HIGHEST WIND SPEED    16   HIGHEST WIND DIRECTION    NE (50)
  HIGHEST GUST SPEED    22   HIGHEST GUST DIRECTION     E (70)
  AVERAGE WIND SPEED     8.1


SKY COVER
  POSSIBLE SUNSHINE  MM
  AVERAGE SKY COVER 0.9


WEATHER CONDITIONS
 THE FOLLOWING WEATHER WAS RECORDED YESTERDAY.
  HEAVY RAIN
  RAIN
  LIGHT RAIN
  FOG
  HAZE


RELATIVE HUMIDITY (PERCENT)
 HIGHEST   100           300 AM
 LOWEST     78           300 PM
 AVERAGE    89

..........................................................


THE IOWA CITY IA CLIMATE NORMALS FOR TODAY
                         NORMAL    RECORD    YEAR
 MAXIMUM TEMPERATURE (F)   68        MM        MM
 MINIMUM TEMPERATURE (F)   47        MM        MM


SUNRISE AND SUNSET
MAY  6 2015...........SUNRISE   557 AM CDT   SUNSET   809 PM CDT
MAY  7 2015...........SUNRISE   556 AM CDT   SUNSET   810 PM CDT


-  INDICATES NEGATIVE NUMBERS.
R  INDICATES RECORD WAS SET OR TIED.
MM INDICATES DATA IS MISSING.
T  INDICATES TRACE AMOUNT.




$$
