000
CDUS41 KCTP 192119
CLIIPT


CLIMATE REPORT
NATIONAL WEATHER SERVICE STATE COLLEGE PA
518 PM EDT SUN APR 19 2015


...................................

...THE WILLIAMSPORT PA CLIMATE SUMMARY FOR APRIL 19 2015...
VALID TODAY AS OF 0500 PM LOCAL TIME.

CLIMATE NORMAL PERIOD 1981 TO 2010
CLIMATE RECORD PERIOD 1895 TO 2015


WEATHER ITEM   OBSERVED TIME   RECORD YEAR NORMAL DEPARTURE LAST
                VALUE   (LST)  VALUE       VALUE  FROM      YEAR
                                                  NORMAL
..................................................................
TEMPERATURE (F)
 TODAY
  MAXIMUM         70    238 PM  91    1976  63      7       63
  MINIMUM         40    537 AM  23    1926  40      0       33
  AVERAGE         55                        51      4       48

PRECIPITATION (IN)
  TODAY            0.00          1.40 1998   0.10  -0.10     0.00
  MONTH TO DATE    2.17                      2.08   0.09     1.92
  SINCE MAR 1      4.54                      5.05  -0.51     4.81
  SINCE JAN 1      7.33                     10.09  -2.76     8.61

SNOWFALL (IN)
  TODAY            0.0           2.5  1907   0.0    0.0      0.0
  MONTH TO DATE    0.0                       1.0   -1.0       T
  SINCE MAR 1     11.4                       7.9    3.5      0.1
  SINCE JUL 1     44.4                      35.9    8.5     45.9
  SNOW DEPTH       0

DEGREE DAYS
 HEATING
  TODAY           10                        14     -4       17
  MONTH TO DATE  275                       326    -51      326
  SINCE MAR 1   1264                      1155    109     1326
  SINCE JUL 1   5901                      5622    279     6158

 COOLING
  TODAY            0                         0      0        0
  MONTH TO DATE    0                         0      0        9
  SINCE MAR 1      0                         0      0        9
  SINCE JAN 1      0                         0      0        9
..................................................................


WIND (MPH)
  HIGHEST WIND SPEED    20   HIGHEST WIND DIRECTION     E (110)
  HIGHEST GUST SPEED    29   HIGHEST GUST DIRECTION    SE (120)
  AVERAGE WIND SPEED     4.9


SKY COVER
  POSSIBLE SUNSHINE  MM
  AVERAGE SKY COVER 0.0


WEATHER CONDITIONS
 THE FOLLOWING WEATHER WAS RECORDED TODAY.
  NO SIGNIFICANT WEATHER WAS OBSERVED.


RELATIVE HUMIDITY (PERCENT)
 HIGHEST    62           300 AM
 LOWEST     19           100 PM
 AVERAGE    41

..........................................................


THE WILLIAMSPORT PA CLIMATE NORMALS FOR TOMORROW
                         NORMAL    RECORD    YEAR
 MAXIMUM TEMPERATURE (F)   63        85      1976
                                             1941
 MINIMUM TEMPERATURE (F)   40        19      1897


SUNRISE AND SUNSET
APRIL 19 2015.........SUNRISE   623 AM EDT   SUNSET   752 PM EDT
APRIL 20 2015.........SUNRISE   621 AM EDT   SUNSET   753 PM EDT


-  INDICATES NEGATIVE NUMBERS.
R  INDICATES RECORD WAS SET OR TIED.
MM INDICATES DATA IS MISSING.
T  INDICATES TRACE AMOUNT.




$$
