000
CDUS43 KBIS 070727
CLIISN


CLIMATE REPORT
NATIONAL WEATHER SERVICE BISMARCK ND
226 AM CDT THU MAY 7 2015


...................................

...THE WILLISTON ND CLIMATE SUMMARY FOR MAY 6 2015...

CLIMATE NORMAL PERIOD 1981 TO 2010
CLIMATE RECORD PERIOD 1894 TO 2015


WEATHER ITEM   OBSERVED TIME   RECORD YEAR NORMAL DEPARTURE LAST
                VALUE   (LST)  VALUE       VALUE  FROM      YEAR
                                                  NORMAL
..................................................................
TEMPERATURE (F)
 YESTERDAY
  MAXIMUM         63    939 AM  89    1992  65     -2       65
  MINIMUM         51   1159 PM  17    1907  37     14       41
  AVERAGE         57                        51      6       53

PRECIPITATION (IN)
  YESTERDAY        0.69          1.00 1965   0.05   0.64     0.13
  MONTH TO DATE    0.69                      0.29   0.40     0.23
  SINCE MAR 1      1.43                      2.00  -0.57     2.26
  SINCE JAN 1      2.37                      2.98  -0.61     2.70

SNOWFALL (IN)
  YESTERDAY        0.0           4.3  1924   0.0    0.0     MM
  MONTH TO DATE    0.0                       0.4   -0.4     MM
  SINCE MAR 1      0.0                      10.3  -10.3     MM
  SINCE JUL 1      0.0                      44.4  -44.4     MM
  SNOW DEPTH      MM

DEGREE DAYS
 HEATING
  YESTERDAY        8                        14     -6       12
  MONTH TO DATE   51                        90    -39      103
  SINCE MAR 1   1523                      1847   -324     2032
  SINCE JUL 1   8039                      8615   -576     8981

 COOLING
  YESTERDAY        0                         0      0        0
  MONTH TO DATE    1                         0      1        0
  SINCE MAR 1      1                         1      0        0
  SINCE JAN 1      1                         1      0        0
..................................................................


WIND (MPH)
  HIGHEST WIND SPEED    26   HIGHEST WIND DIRECTION     N (340)
  HIGHEST GUST SPEED    32   HIGHEST GUST DIRECTION     N (350)
  AVERAGE WIND SPEED    12.6


SKY COVER
  POSSIBLE SUNSHINE  MM
  AVERAGE SKY COVER 0.7


WEATHER CONDITIONS
 THE FOLLOWING WEATHER WAS RECORDED YESTERDAY.
  HEAVY RAIN
  RAIN
  LIGHT RAIN
  FOG


RELATIVE HUMIDITY (PERCENT)
 HIGHEST    93          1200 PM
 LOWEST     65          1200 AM
 AVERAGE    79

..........................................................


THE WILLISTON ND CLIMATE NORMALS FOR TODAY
                         NORMAL    RECORD    YEAR
 MAXIMUM TEMPERATURE (F)   65        91      1992
 MINIMUM TEMPERATURE (F)   37        19      1980


SUNRISE AND SUNSET
MAY  7 2015...........SUNRISE   627 AM CDT   SUNSET   916 PM CDT
MAY  8 2015...........SUNRISE   625 AM CDT   SUNSET   918 PM CDT


-  INDICATES NEGATIVE NUMBERS.
R  INDICATES RECORD WAS SET OR TIED.
MM INDICATES DATA IS MISSING.
T  INDICATES TRACE AMOUNT.




$$
