000
CDCA42 TJSJ 070426
CLIIST


CLIMATE REPORT
NATIONAL WEATHER SERVICE SAN JUAN, PR
1226 AM AST THU MAY 7 2015


...................................

...THE CYRIL E. KING AP/ST THOMAS  CLIMATE SUMMARY FOR MAY 6 2015...

CLIMATE NORMAL PERIOD 1981 TO 2010
CLIMATE RECORD PERIOD 1953 TO 2015


WEATHER ITEM   OBSERVED TIME   RECORD YEAR NORMAL DEPARTURE LAST
                VALUE   (LST)  VALUE       VALUE  FROM      YEAR
                                                  NORMAL
..................................................................
TEMPERATURE (F)
 YESTERDAY
  MAXIMUM         88    233 PM  96    1994  87      1       86
  MINIMUM         78    608 AM  70    1982  76      2       77
  AVERAGE         83                        81      2       82

PRECIPITATION (IN)
  YESTERDAY        T             2.53 1960   0.11  -0.11      T
  MONTH TO DATE    T                         0.67  -0.67      T
  SINCE MAR 1      2.76                      4.83  -2.07     3.98
  SINCE JAN 1     17.79                      8.64   9.15     6.56

SNOWFALL (IN)
  YESTERDAY        0.0                       0.0    0.0      0.0
  MONTH TO DATE    0.0                       0.0    0.0      0.0
  SINCE MAR 1      0.0                       0.0    0.0      0.0
  SINCE JUL 1      0.0                       0.0    0.0      0.0

DEGREE DAYS
 HEATING
  YESTERDAY        0                         0      0        0
  MONTH TO DATE    0                         0      0        0
  SINCE MAR 1      0                         0      0        0
  SINCE JUL 1      0                         0      0        0

 COOLING
  YESTERDAY       18                        16      2       17
  MONTH TO DATE  112                        96     16      100
  SINCE MAR 1   1004                      1010     -6     1005
  SINCE JAN 1   1808                      1824    -16     1827
..................................................................


WIND (MPH)
  HIGHEST WIND SPEED    22   HIGHEST WIND DIRECTION    SE (130)
  HIGHEST GUST SPEED    31   HIGHEST GUST DIRECTION     E (100)
  AVERAGE WIND SPEED    13.7


SKY COVER
  AVERAGE SKY COVER 0.4


WEATHER CONDITIONS
 THE FOLLOWING WEATHER WAS RECORDED YESTERDAY.
  LIGHT RAIN


RELATIVE HUMIDITY (PERCENT)
 HIGHEST    74
 LOWEST     57
 AVERAGE    66

..........................................................


THE CYRIL E. KING AP/ST THOMAS  CLIMATE NORMALS FOR TODAY
                         NORMAL    RECORD    YEAR
 MAXIMUM TEMPERATURE (F)   87        97      1994
 MINIMUM TEMPERATURE (F)   76        68      1986


SUNRISE AND SUNSET
MAY  7 2015...........SUNRISE   550 AM AST   SUNSET   643 PM AST
MAY  8 2015...........SUNRISE   549 AM AST   SUNSET   644 PM AST


-  INDICATES NEGATIVE NUMBERS.
R  INDICATES RECORD WAS SET OR TIED.
MM INDICATES DATA IS MISSING.
T  INDICATES TRACE AMOUNT.




$$
