000
CDUS42 KJAX 192133
CLIJAX


CLIMATE REPORT
NATIONAL WEATHER SERVICE JACKSONVILLE FL
533 PM EDT SUN APR 19 2015


...................................

...THE JACKSONVILLE CLIMATE SUMMARY FOR APRIL 19 2015...
VALID TODAY AS OF 0500 PM LOCAL TIME.

CLIMATE NORMAL PERIOD 1981 TO 2010
CLIMATE RECORD PERIOD 1871 TO 2015


WEATHER ITEM   OBSERVED TIME   RECORD YEAR NORMAL DEPARTURE LAST
                VALUE   (LST)  VALUE       VALUE  FROM      YEAR
                                                  NORMAL
..................................................................
TEMPERATURE (F)
 TODAY
  MAXIMUM         86    337 PM  92    1995  80      6       75
                                      1968
  MINIMUM         69    426 AM  36    2001  55     14       59
  AVERAGE         78                        68     10       67

PRECIPITATION (IN)
  TODAY            0.00          4.53 1900   0.09  -0.09     0.68
  MONTH TO DATE    1.71                      1.82  -0.11     5.61
  SINCE MAR 1      4.00                      5.77  -1.77    10.26
  SINCE JAN 1     10.40                     12.26  -1.86    19.97

SNOWFALL (IN)
  TODAY            0.0           0.0  2002   0.0    0.0      0.0
                                      2001
  MONTH TO DATE    0.0                       0.0    0.0      0.0
  SINCE MAR 1      0.0                       T      0.0      0.0
  SINCE JUL 1      T                         T      0.0      0.0
  SNOW DEPTH       0

DEGREE DAYS
 HEATING
  TODAY            0                         1     -1        0
  MONTH TO DATE    0                        45    -45       20
  SINCE MAR 1     87                       201   -114      219
  SINCE JUL 1   1335                      1334      1     1296

 COOLING
  TODAY           13                         4      9        2
  MONTH TO DATE  154                        60     94       58
  SINCE MAR 1    257                       114    143       86
  SINCE JAN 1    270                       143    127      116
..................................................................


WIND (MPH)
  HIGHEST WIND SPEED    21   HIGHEST WIND DIRECTION    SW (240)
  HIGHEST GUST SPEED    26   HIGHEST GUST DIRECTION    SW (230)
  AVERAGE WIND SPEED     6.8


SKY COVER
  POSSIBLE SUNSHINE  MM
  AVERAGE SKY COVER 0.9


WEATHER CONDITIONS
 THE FOLLOWING WEATHER WAS RECORDED TODAY.
  FOG


RELATIVE HUMIDITY (PERCENT)
 HIGHEST   100          1200 AM
 LOWEST     51           200 PM
 AVERAGE    76

..........................................................


THE JACKSONVILLE CLIMATE NORMALS FOR TOMORROW
                         NORMAL    RECORD    YEAR
 MAXIMUM TEMPERATURE (F)   80        92      1995
                                             1968
 MINIMUM TEMPERATURE (F)   55        40      1983


SUNRISE AND SUNSET
APRIL 19 2015.........SUNRISE   655 AM EDT   SUNSET   757 PM EDT
APRIL 20 2015.........SUNRISE   654 AM EDT   SUNSET   758 PM EDT


-  INDICATES NEGATIVE NUMBERS.
R  INDICATES RECORD WAS SET OR TIED.
MM INDICATES DATA IS MISSING.
T  INDICATES TRACE AMOUNT.




$$
