000
CDUS45 KBOI 010933
CLIJER


CLIMATE REPORT
NATIONAL WEATHER SERVICE BOISE ID
332 AM MDT WED APR 1 2015


...................................

...THE JEROME ID CLIMATE SUMMARY FOR MARCH 31 2015...

CLIMATE NORMAL PERIOD 1981 TO 2010
CLIMATE RECORD PERIOD 1919 TO 2015


WEATHER ITEM   OBSERVED TIME   RECORD YEAR NORMAL DEPARTURE LAST
                VALUE   (LST)  VALUE       VALUE  FROM      YEAR
                                                  NORMAL
..................................................................
TEMPERATURE (F)
 YESTERDAY
  MAXIMUM         70    324 PM  79    2004  55     15       52
  MINIMUM         38   1159 PM  18    1975  33      5       31
  AVERAGE         54                        44     10       42

PRECIPITATION (IN)
  YESTERDAY        0.00          0.39 1983   0.05  -0.05     0.00
  MONTH TO DATE    0.33                      1.08  -0.75     1.31
  SINCE OCT 1      4.74                      6.54  -1.80     4.25
  SINCE JAN 1      1.84                      3.02  -1.18     3.65

DEGREE DAYS
 HEATING
  YESTERDAY       11                        21    -10       23
  MONTH TO DATE  555                       768   -213      700
  SINCE MAR 1    555                       769   -214      700
  SINCE JUL 1   4597                      5656  -1059     5368

 COOLING
  YESTERDAY        0                         0      0        0
  MONTH TO DATE    0                         0      0        0
  SINCE MAR 1      0                         0      0        0
  SINCE JAN 1      0                         0      0        0
..................................................................


WIND (MPH)
  HIGHEST WIND SPEED    40   HIGHEST WIND DIRECTION     W (260)
  HIGHEST GUST SPEED    48   HIGHEST GUST DIRECTION     W (260)
  AVERAGE WIND SPEED    17.6


SKY COVER
  AVERAGE SKY COVER 0.0


WEATHER CONDITIONS
 THE FOLLOWING WEATHER WAS RECORDED YESTERDAY.
  HAZE


RELATIVE HUMIDITY (PERCENT)
 HIGHEST    54           700 PM
 LOWEST     19           100 PM
 AVERAGE    37

..........................................................


THE JEROME ID CLIMATE NORMALS FOR TODAY
                         NORMAL    RECORD    YEAR
 MAXIMUM TEMPERATURE (F)   55        77      1966
 MINIMUM TEMPERATURE (F)   33        17      1920


SUNRISE AND SUNSET
APRIL  1 2015.........SUNRISE   720 AM MDT   SUNSET   804 PM MDT
APRIL  2 2015.........SUNRISE   719 AM MDT   SUNSET   805 PM MDT


-  INDICATES NEGATIVE NUMBERS.
R  INDICATES RECORD WAS SET OR TIED.
MM INDICATES DATA IS MISSING.
T  INDICATES TRACE AMOUNT.




$$
