000
CDUS43 KBIS 050738
CLIJMS


CLIMATE REPORT
NATIONAL WEATHER SERVICE BISMARCK ND
238 AM CDT TUE MAY 5 2015


...................................

...THE JAMESTOWN ND CLIMATE SUMMARY FOR MAY 4 2015...

CLIMATE NORMAL PERIOD 1981 TO 2010
CLIMATE RECORD PERIOD 1891 TO 2015


WEATHER ITEM   OBSERVED TIME   RECORD YEAR NORMAL DEPARTURE LAST
                VALUE   (LST)  VALUE       VALUE  FROM      YEAR
                                                  NORMAL
..................................................................
TEMPERATURE (F)
 YESTERDAY
  MAXIMUM         69    351 PM  94    1926  64      5       45
  MINIMUM         31    552 AM  22    1907  38     -7       29
  AVERAGE         50                        51     -1       37

PRECIPITATION (IN)
  YESTERDAY        0.00          1.08 1950   0.08  -0.08      T
  MONTH TO DATE    T                         0.29  -0.29      T
  SINCE MAR 1      0.99                      2.33  -1.34     2.67
  SINCE JAN 1      1.41                      3.18  -1.77     3.06

DEGREE DAYS
 HEATING
  YESTERDAY       15                        14      1       28
  MONTH TO DATE   35                        59    -24       80
  SINCE MAR 1   1622                      1894   -272     2132
  SINCE JUL 1   8359                      8653   -294     9400

 COOLING
  YESTERDAY        0                         0      0        0
  MONTH TO DATE    0                         0      0        0
  SINCE MAR 1      0                         2     -2        0
  SINCE JAN 1      0                         2     -2        0
..................................................................


WIND (MPH)
  HIGHEST WIND SPEED    13   HIGHEST WIND DIRECTION    SE (130)
  HIGHEST GUST SPEED    18   HIGHEST GUST DIRECTION    SE (140)
  AVERAGE WIND SPEED     5.4


SKY COVER
  POSSIBLE SUNSHINE  MM
  AVERAGE SKY COVER 0.0


WEATHER CONDITIONS
 THE FOLLOWING WEATHER WAS RECORDED YESTERDAY.
  HAZE


RELATIVE HUMIDITY (PERCENT)
 HIGHEST    75           400 AM
 LOWEST     18           600 PM
 AVERAGE    47

..........................................................


THE JAMESTOWN ND CLIMATE NORMALS FOR TODAY
                         NORMAL    RECORD    YEAR
 MAXIMUM TEMPERATURE (F)   65        96      1926
 MINIMUM TEMPERATURE (F)   38        20      1944


SUNRISE AND SUNSET
MAY  5 2015...........SUNRISE   613 AM CDT   SUNSET   850 PM CDT
MAY  6 2015...........SUNRISE   612 AM CDT   SUNSET   851 PM CDT


-  INDICATES NEGATIVE NUMBERS.
R  INDICATES RECORD WAS SET OR TIED.
MM INDICATES DATA IS MISSING.
T  INDICATES TRACE AMOUNT.




$$
