000
CDUS43 KLBF 060932
CLILBF

CLIMATE REPORT
NATIONAL WEATHER SERVICE NORTH PLATTE
431 AM CDT WED MAY 6 2015


...................................

...THE NORTH PLATTE NE CLIMATE SUMMARY FOR MAY 5 2015...

CLIMATE NORMAL PERIOD 1981 TO 2010
CLIMATE RECORD PERIOD 1874 TO 2015


WEATHER ITEM   OBSERVED TIME   RECORD YEAR NORMAL DEPARTURE LAST
                VALUE   (LST)  VALUE       VALUE  FROM      YEAR
                                                  NORMAL
..................................................................
TEMPERATURE (F)
 YESTERDAY
  MAXIMUM         62    640 PM  95    2004  69     -7       72
  MINIMUM         51    559 AM  22    2013  40     11       37
  AVERAGE         57                        54      3       55

PRECIPITATION (IN)
  YESTERDAY        0.27          1.03 1950   0.09   0.18     0.00
  MONTH TO DATE    0.59                      0.46   0.13      T
  SINCE MAR 1      3.61                      3.78  -0.17     1.43
  SINCE JAN 1      4.35                      4.62  -0.27     2.48

SNOWFALL (IN)
  YESTERDAY        0.0           6.0  1950   0.0    0.0      0.0
  MONTH TO DATE    0.0                       0.0    0.0      0.0
  SINCE MAR 1      2.4                       7.6   -5.2      7.4
  SINCE JUL 1     21.3                      28.5   -7.2     29.8
  SNOW DEPTH       0

DEGREE DAYS
 HEATING
  YESTERDAY        8                        11     -3       10
  MONTH TO DATE   24                        58    -34       68
  SINCE MAR 1   1119                      1420   -301     1444
  SINCE JUL 1   6008                      6448   -440     6635

 COOLING
  YESTERDAY        0                         0      0        0
  MONTH TO DATE    0                         0      0        0
  SINCE MAR 1      2                         3     -1        2
  SINCE JAN 1      2                         3     -1        2
..................................................................


WIND (MPH)
  HIGHEST WIND SPEED    21   HIGHEST WIND DIRECTION     E (110)
  HIGHEST GUST SPEED    27   HIGHEST GUST DIRECTION     S (160)
  AVERAGE WIND SPEED     7.9


SKY COVER
  POSSIBLE SUNSHINE  MM
  AVERAGE SKY COVER 1.0


WEATHER CONDITIONS
 THE FOLLOWING WEATHER WAS RECORDED YESTERDAY.
  RAIN
  LIGHT RAIN
  FOG


RELATIVE HUMIDITY (PERCENT)
 HIGHEST   100           500 AM
 LOWEST     90           500 PM
 AVERAGE    95

..........................................................


THE NORTH PLATTE NE CLIMATE NORMALS FOR TODAY
                         NORMAL    RECORD    YEAR
 MAXIMUM TEMPERATURE (F)   69        94      1934
                                             1916
 MINIMUM TEMPERATURE (F)   41        23      1989


SUNRISE AND SUNSET
MAY  6 2015...........SUNRISE   635 AM CDT   SUNSET   845 PM CDT
MAY  7 2015...........SUNRISE   633 AM CDT   SUNSET   846 PM CDT


-  INDICATES NEGATIVE NUMBERS.
R  INDICATES RECORD WAS SET OR TIED.
MM INDICATES DATA IS MISSING.
T  INDICATES TRACE AMOUNT.

$$
