000
CDUS44 KSHV 270855
CLILFK


CLIMATE REPORT
NATIONAL WEATHER SERVICE SHREVEPORT, LA
351 AM CDT MON APR 27 2015


...................................

...THE LUFKIN CLIMATE SUMMARY FOR APRIL 26 2015...

CLIMATE NORMAL PERIOD 1981 TO 2010
CLIMATE RECORD PERIOD 1906 TO 2015


WEATHER ITEM   OBSERVED TIME   RECORD YEAR NORMAL DEPARTURE LAST
                VALUE   (LST)  VALUE       VALUE  FROM      YEAR
                                                  NORMAL
..................................................................
TEMPERATURE (F)
 YESTERDAY
  MAXIMUM         86    315 PM  90    1934  80      6       88
  MINIMUM         69    626 AM  35    1920  58     11       61
  AVERAGE         78                        69      9       75

PRECIPITATION (IN)
  YESTERDAY        0.00          2.93 1964   0.11  -0.11     0.00
  MONTH TO DATE    3.68                      2.62   1.06     2.77
  SINCE DEC 1     20.72                     18.89   1.83    10.35
  SINCE JAN 1     18.67                     14.45   4.22     8.14

SNOWFALL (IN)
  YESTERDAY        0.0
  MONTH TO DATE    0.0
  SINCE MAR 1      0.0
  SINCE JUL 1      T
  SNOW DEPTH       0

DEGREE DAYS
 HEATING
  YESTERDAY        0                         1     -1        0
  MONTH TO DATE    6                        66    -60       56
  SINCE MAR 1    168                       276   -108      306
  SINCE JUL 1   1688                      1910   -222     2109

 COOLING
  YESTERDAY       13                         5      8       10
  MONTH TO DATE  228                        95    133      124
  SINCE MAR 1    287                       136    151      141
  SINCE JAN 1    293                       155    138      159
..................................................................


WIND (MPH)
  HIGHEST WIND SPEED    14   HIGHEST WIND DIRECTION    SE (130)
  HIGHEST GUST SPEED    17   HIGHEST GUST DIRECTION     E (100)
  AVERAGE WIND SPEED     5.9


SKY COVER
  POSSIBLE SUNSHINE  MM
  AVERAGE SKY COVER 0.5


WEATHER CONDITIONS
 THE FOLLOWING WEATHER WAS RECORDED YESTERDAY.
  FOG
  FOG W/VISIBILITY <= 1/4 MILE
  HAZE


RELATIVE HUMIDITY (PERCENT)
 HIGHEST    90           100 AM
 LOWEST     59           400 PM
 AVERAGE    75

..........................................................


THE LUFKIN CLIMATE NORMALS FOR TODAY
                         NORMAL    RECORD    YEAR
 MAXIMUM TEMPERATURE (F)   81        91      2014
                                             1987
 MINIMUM TEMPERATURE (F)   58        40      1920


SUNRISE AND SUNSET
APRIL 27 2015.........SUNRISE   638 AM CDT   SUNSET   755 PM CDT
APRIL 28 2015.........SUNRISE   637 AM CDT   SUNSET   756 PM CDT


-  INDICATES NEGATIVE NUMBERS.
R  INDICATES RECORD WAS SET OR TIED.
MM INDICATES DATA IS MISSING.
T  INDICATES TRACE AMOUNT.




$$
