000
CDUS44 KLCH 021004
CLILFT


CLIMATE REPORT
NATIONAL WEATHER SERVICE LAKE CHARLES, LA
504 AM CDT THU APR 2 2015


...................................

...THE LAFAYETTE CLIMATE SUMMARY FOR APRIL 1 2015...

CLIMATE NORMAL PERIOD 1981 TO 2010
CLIMATE RECORD PERIOD 1893 TO 2015


WEATHER ITEM   OBSERVED TIME   RECORD YEAR NORMAL DEPARTURE LAST
                VALUE   (LST)  VALUE       VALUE  FROM      YEAR
                                                  NORMAL
..................................................................
TEMPERATURE (F)
 YESTERDAY
  MAXIMUM         81    148 PM  87    1939  76      5       79
                                      1935
                                      1908
  MINIMUM         61    556 AM  35    1942  55      6       61
                                      1937
  AVERAGE         71                        66      5       70

PRECIPITATION (IN)
  YESTERDAY        0.00          2.25 1974   0.12  -0.12     0.00
  MONTH TO DATE    0.00                      0.12  -0.12     0.00
  SINCE MAR 1      3.92                      3.91   0.01     2.85
  SINCE JAN 1     11.02                     14.03  -3.01    10.10

SNOWFALL (IN)
  YESTERDAY        0.0           0.0    MM   0.0    0.0      0.0
  MONTH TO DATE    0.0                       0.0    0.0      0.0
  SINCE MAR 1      T                         0.0    0.0      0.0
  SINCE JUL 1      T                         T      0.0      0.8
  SNOW DEPTH       0

DEGREE DAYS
 HEATING
  YESTERDAY        0                         3     -3        0
  MONTH TO DATE    0                         3     -3        0
  SINCE MAR 1     83                       153    -70      235
  SINCE JUL 1   1526                      1383    143     1895

 COOLING
  YESTERDAY        6                         3      3        5
  MONTH TO DATE    6                         3      3        5
  SINCE MAR 1     96                        66     30       29
  SINCE JAN 1    101                        98      3       43
..................................................................


WIND (MPH)
  HIGHEST WIND SPEED    17   HIGHEST WIND DIRECTION     S (190)
  HIGHEST GUST SPEED    24   HIGHEST GUST DIRECTION     S (200)
  AVERAGE WIND SPEED     6.1


SKY COVER
  POSSIBLE SUNSHINE  MM
  AVERAGE SKY COVER 0.3


WEATHER CONDITIONS
 THE FOLLOWING WEATHER WAS RECORDED YESTERDAY.
  FOG
  FOG W/VISIBILITY <= 1/4 MILE
  HAZE


RELATIVE HUMIDITY (PERCENT)
 HIGHEST   100           200 AM
 LOWEST     54           200 PM
 AVERAGE    77

..........................................................


THE LAFAYETTE CLIMATE NORMALS FOR TODAY
                         NORMAL    RECORD    YEAR
 MAXIMUM TEMPERATURE (F)   76        87      1925
                                             1914
 MINIMUM TEMPERATURE (F)   55        35      1907


SUNRISE AND SUNSET
APRIL  2 2015.........SUNRISE   656 AM CDT   SUNSET   727 PM CDT
APRIL  3 2015.........SUNRISE   655 AM CDT   SUNSET   728 PM CDT


-  INDICATES NEGATIVE NUMBERS.
R  INDICATES RECORD WAS SET OR TIED.
MM INDICATES DATA IS MISSING.
T  INDICATES TRACE AMOUNT.




$$
