000
CDUS43 KOAX 060630
CLILNK


CLIMATE REPORT
NATIONAL WEATHER SERVICE OMAHA NEBRASKA
129 AM CDT WED MAY 6 2015


...................................

...THE LINCOLN, NEBRASKA CLIMATE SUMMARY FOR MAY 5 2015...

CLIMATE NORMAL PERIOD 1981 TO 2010
CLIMATE RECORD PERIOD 1887 TO 2015


WEATHER ITEM   OBSERVED TIME   RECORD YEAR NORMAL DEPARTURE LAST
                VALUE   (LST)  VALUE       VALUE  FROM      YEAR
                                                  NORMAL
..................................................................
TEMPERATURE (F)
 YESTERDAY
  MAXIMUM         78    347 PM  97    1909  71      7       77
  MINIMUM         59    546 AM  31    1944  47     12       46
  AVERAGE         69                        59     10       62

PRECIPITATION (IN)
  YESTERDAY        0.04          3.35 2007   0.13  -0.09     0.00
  MONTH TO DATE    0.55                      0.65  -0.10      T
  SINCE MAR 1      3.31                      5.29  -1.98     3.63
  SINCE JAN 1      5.15                      6.70  -1.55     4.49

SNOWFALL (IN)
  YESTERDAY        0.0                       0.0    0.0      0.0
  MONTH TO DATE    0.0                       0.1   -0.1      0.0
  SINCE JUL 1     21.9                      26.0   -4.1     18.2
  SNOW DEPTH       0

DEGREE DAYS
 HEATING
  YESTERDAY        0                         7     -7        3
  MONTH TO DATE    7                        40    -33       34
  SINCE MAR 1   1003                      1230   -227     1265
  SINCE JUL 1   5690                      5933   -243     6382

 COOLING
  YESTERDAY        4                         1      3        0
  MONTH TO DATE   16                         5     11        0
  SINCE MAR 1     21                        19      2       15
  SINCE JAN 1     21                        19      2       15
..................................................................


WIND (MPH)
  HIGHEST WIND SPEED    23   HIGHEST WIND DIRECTION     S (160)
  HIGHEST GUST SPEED    29   HIGHEST GUST DIRECTION    SE (150)
  AVERAGE WIND SPEED    10.1


SKY COVER
  POSSIBLE SUNSHINE  MM
  AVERAGE SKY COVER 0.6


WEATHER CONDITIONS
 THE FOLLOWING WEATHER WAS RECORDED YESTERDAY.
  LIGHT RAIN
  FOG


RELATIVE HUMIDITY (PERCENT)
 HIGHEST    97           100 AM
 LOWEST     49           600 PM
 AVERAGE    73

..........................................................


THE LINCOLN, NEBRASKA CLIMATE NORMALS FOR TODAY
                         NORMAL    RECORD    YEAR
 MAXIMUM TEMPERATURE (F)   71        95      1955
                                             1934
 MINIMUM TEMPERATURE (F)   47        27      1944


SUNRISE AND SUNSET
MAY  6 2015...........SUNRISE   619 AM CDT   SUNSET   828 PM CDT
MAY  7 2015...........SUNRISE   618 AM CDT   SUNSET   829 PM CDT


-  INDICATES NEGATIVE NUMBERS.
R  INDICATES RECORD WAS SET OR TIED.
MM INDICATES DATA IS MISSING.
T  INDICATES TRACE AMOUNT.




$$
