000
CDUS43 KLOT 280633
CLILOT


CLIMATE REPORT
NATIONAL WEATHER SERVICE CHICAGO IL
133 AM CDT TUE APR 28 2015


...................................

...THE ROMEOVILLE  WFO CLIMATE SUMMARY FOR APRIL 27 2015...

CLIMATE NORMAL PERIOD 1981 TO 2010
CLIMATE RECORD PERIOD 1992 TO 2015


WEATHER ITEM   OBSERVED RECORD YEAR NORMAL DEPARTURE LAST
                VALUE   VALUE       VALUE  FROM      YEAR
                                           NORMAL
...........................................................
TEMPERATURE (F)
 YESTERDAY
  MAXIMUM         60     76    2003  65     -5       66
  MINIMUM         38     31    2012  44     -6       42
                               1996
                               1992
  AVERAGE         49                 54     -5       54

PRECIPITATION (IN)
  YESTERDAY        0.00   2.02 1999   0.16  -0.16     0.24
  MONTH TO DATE    3.46               3.46   0.00     2.97
  SINCE MAR 1      4.25               6.23  -1.98     5.08
  SINCE JAN 1      7.09               9.94  -2.85     9.94

SNOWFALL (IN)
  YESTERDAY        0.0    0.0  2011   0.0    0.0      0.0
                               2010
                               2009
  MONTH TO DATE    T                  0.5   -0.5      1.0
  SINCE MAR 1      5.2                4.9    0.3     11.2
  SINCE JUL 1     36.4               32.3    4.1     76.7
  SNOW DEPTH       0

DEGREE DAYS
 HEATING
  YESTERDAY       16                 11      5
  MONTH TO DATE  372                419    -47
  SINCE MAR 1   1273               1236     37
  SINCE JUL 1   6518               5964    554

 COOLING
  YESTERDAY        0                  0      0
  MONTH TO DATE    0                  0      0
  SINCE MAR 1      0                  0      0
  SINCE JAN 1      0                  0      0
...........................................................







THE ROMEOVILLE  WFO CLIMATE NORMALS FOR TODAY
                         NORMAL    RECORD    YEAR
 MAXIMUM TEMPERATURE (F)   66        79      2004
 MINIMUM TEMPERATURE (F)   44        28      1992


SUNRISE AND SUNSET
APRIL 28 2015.........SUNRISE   554 AM CDT   SUNSET   747 PM CDT
APRIL 29 2015.........SUNRISE   552 AM CDT   SUNSET   748 PM CDT


-  INDICATES NEGATIVE NUMBERS.
R  INDICATES RECORD WAS SET OR TIED.
MM INDICATES DATA IS MISSING.
T  INDICATES TRACE AMOUNT.




$$
