000
CDUS43 KLMK 050626
CLILOU


CLIMATE REPORT
NATIONAL WEATHER SERVICE LOUISVILLE KY
226 AM EDT TUE MAY 5 2015


...................................

...THE LOUISVILLE BOWMAN KY CLIMATE SUMMARY FOR MAY 4 2015...

CLIMATE NORMAL PERIOD 1981 TO 2010
CLIMATE RECORD PERIOD 9999 TO 9999


WEATHER ITEM   OBSERVED TIME   RECORD YEAR NORMAL DEPARTURE LAST
                VALUE   (LST)  VALUE       VALUE  FROM      YEAR
                                                  NORMAL
..................................................................
TEMPERATURE (F)
 YESTERDAY
  MAXIMUM         83    313 PM  MM      MM  73     10       85
  MINIMUM         58    543 AM  MM      MM  53      5       52
  AVERAGE         71                        63      8       69

PRECIPITATION (IN)
  YESTERDAY        0.00         MM      MM   0.18  -0.18     0.00
  MONTH TO DATE    0.00                      0.74  -0.74      T
  SINCE MAR 1     16.57                      8.98   7.59     9.64
  SINCE JAN 1     19.35                     15.54   3.81    15.41

SNOWFALL (IN)
  YESTERDAY       MM            MM      MM  MM     MM       MM
  MONTH TO DATE   MM                        MM     MM       MM
  SINCE MAR 1     MM                        MM     MM       MM
  SINCE JUL 1     MM                        MM     MM       MM
  SNOW DEPTH      MM

DEGREE DAYS
 HEATING
  YESTERDAY        0                         4     -4        0
  MONTH TO DATE    9                        17     -8       23
  SINCE MAR 1    803                       847    -44      855
  SINCE JUL 1   4587                      4208    379     4664

 COOLING
  YESTERDAY        6                         2      4        4
  MONTH TO DATE    6                         7     -1        4
  SINCE MAR 1     27                        41    -14       38
  SINCE JAN 1     27                        41    -14       38
..................................................................


WIND (MPH)
  HIGHEST WIND SPEED    15   HIGHEST WIND DIRECTION     W (270)
  HIGHEST GUST SPEED    19   HIGHEST GUST DIRECTION     W (260)
  AVERAGE WIND SPEED     5.3


SKY COVER
  POSSIBLE SUNSHINE  MM
  AVERAGE SKY COVER 0.1


WEATHER CONDITIONS
 THE FOLLOWING WEATHER WAS RECORDED YESTERDAY.
  NO SIGNIFICANT WEATHER WAS OBSERVED.


RELATIVE HUMIDITY (PERCENT)
 HIGHEST    77           500 AM
 LOWEST     39           500 PM
 AVERAGE    58

..........................................................


THE LOUISVILLE BOWMAN KY CLIMATE NORMALS FOR TODAY
                         NORMAL
 MAXIMUM TEMPERATURE (F)   73
 MINIMUM TEMPERATURE (F)   53


SUNRISE AND SUNSET
MAY  5 2015...........SUNRISE   642 AM EDT   SUNSET   837 PM EDT
MAY  6 2015...........SUNRISE   641 AM EDT   SUNSET   838 PM EDT


-  INDICATES NEGATIVE NUMBERS.
R  INDICATES RECORD WAS SET OR TIED.
MM INDICATES DATA IS MISSING.
T  INDICATES TRACE AMOUNT.




$$
