000
CDUS44 KCRP 172316 RRA
CLILRD

CLIMATE REPORT
NATIONAL WEATHER SERVICE CORPUS CHRISTI TX
615 PM CDT FRI APR 17 2015

...................................

...THE LAREDO CLIMATE SUMMARY FOR APRIL 17 2015...
VALID TODAY AS OF 615 PM LOCAL TIME.

CLIMATE NORMAL PERIOD 1981 TO 2010
CLIMATE RECORD PERIOD 1900 TO 2015


WEATHER ITEM   OBSERVED TIME   RECORD YEAR NORMAL DEPARTURE LAST
                VALUE   (LST)  VALUE       VALUE  FROM      YEAR
                                                  NORMAL
..................................................................
TEMPERATURE (F)
 TODAY
  MAXIMUM         85    429 PM 107    1995  88     -3       80
  MINIMUM         74    719 AM  45    1999  65      9       62
  AVERAGE         80                        76      4       71

PRECIPITATION (IN)
  TODAY            0.00          2.12 1992   0.05  -0.05     0.00
  MONTH TO DATE    3.54                      0.67   2.87     0.03
  SINCE MAR 1      6.11                      1.79   4.32     1.11
  SINCE JAN 1      6.99                      3.63   3.36     1.32

SNOWFALL (IN)
  TODAY            0.0
  MONTH TO DATE    0.0
  SINCE MAR 1      0.0
  SINCE JUL 1      0.0

DEGREE DAYS
 HEATING
  TODAY            0                         0      0        0
  MONTH TO DATE    0                        12    -12        5
  SINCE MAR 1    128                        81     47      104
  SINCE JUL 1   1063                       925    138     1095

 COOLING
  TODAY           15                        12      3        6
  MONTH TO DATE  188                       173     15      177
  SINCE MAR 1    279                       346    -67      313
  SINCE JAN 1    327                       431   -104      425
..................................................................


WIND (MPH)
  HIGHEST WIND SPEED    18   HIGHEST WIND DIRECTION    SE (150)
  HIGHEST GUST SPEED    22   HIGHEST GUST DIRECTION     S (170)


SKY COVER
  POSSIBLE SUNSHINE  MM
  AVERAGE SKY COVER 0.7


WEATHER CONDITIONS
 THE FOLLOWING WEATHER WAS RECORDED TODAY.
  FOG
  HAZE


RELATIVE HUMIDITY (PERCENT)
 HIGHEST   100           400 AM
 LOWEST     74           300 PM
 AVERAGE    87

..........................................................


THE LAREDO CLIMATE NORMALS FOR TOMORROW
                         NORMAL    RECORD    YEAR
 MAXIMUM TEMPERATURE (F)   88       108      1975
                                             1975
 MINIMUM TEMPERATURE (F)   65        41      1921


SUNRISE AND SUNSET
APRIL 17 2015.........SUNRISE   712 AM CDT   SUNSET   804 PM CDT
APRIL 18 2015.........SUNRISE   711 AM CDT   SUNSET   804 PM CDT


-  INDICATES NEGATIVE NUMBERS.
R  INDICATES RECORD WAS SET OR TIED.
MM INDICATES DATA IS MISSING.
T  INDICATES TRACE AMOUNT.




$$
