000
CDUS45 KBYZ 030933
CLILVM


CLIMATE REPORT
NATIONAL WEATHER SERVICE BILLINGS MT
332 AM MDT SUN MAY 3 2015


...................................

...THE LIVINGSTON MT CLIMATE SUMMARY FOR MAY 2 2015...

CLIMATE NORMAL PERIOD 1981 TO 2010
CLIMATE RECORD PERIOD 1948 TO 2015


WEATHER ITEM   OBSERVED TIME   RECORD YEAR NORMAL DEPARTURE LAST
                VALUE   (LST)  VALUE       VALUE  FROM      YEAR
                                                  NORMAL
..................................................................
TEMPERATURE (F)
 YESTERDAY
  MAXIMUM         72    432 PM  86    1985  61     11       75
  MINIMUM         37    259 AM  13    1954  33      4       44
  AVERAGE         55                        47      8       60

PRECIPITATION (IN)
  YESTERDAY        0.00          0.61        0.07  -0.07     0.00
  MONTH TO DATE    0.00                      0.14  -0.14     0.00
  SINCE OCT 1      4.48                      6.11  -1.63     7.01
  SINCE JAN 1      2.69                      3.74  -1.05     4.72

DEGREE DAYS
 HEATING
  YESTERDAY       10                        18     -8        5
  MONTH TO DATE   20                        37    -17       19
  SINCE MAR 1   1248                      1637   -389     1552
  SINCE JUL 1   5862                      6985  -1123     6795

 COOLING
  YESTERDAY        0                         0      0        0
  MONTH TO DATE    0                         0      0        0
  SINCE MAR 1      0                         0      0        0
  SINCE JAN 1      0                         0      0        0
..................................................................


WIND (MPH)
  HIGHEST WIND SPEED    37   HIGHEST WIND DIRECTION     W (250)
  HIGHEST GUST SPEED    48   HIGHEST GUST DIRECTION    SW (240)
  AVERAGE WIND SPEED    16.1


SKY COVER
  POSSIBLE SUNSHINE  MM
  AVERAGE SKY COVER 0.2


WEATHER CONDITIONS
 THE FOLLOWING WEATHER WAS RECORDED YESTERDAY.
  NO SIGNIFICANT WEATHER WAS OBSERVED.


RELATIVE HUMIDITY (PERCENT)
 HIGHEST    64           100 AM
 LOWEST     14           200 PM
 AVERAGE    39

..........................................................


THE LIVINGSTON MT CLIMATE NORMALS FOR TODAY
                         NORMAL    RECORD    YEAR
 MAXIMUM TEMPERATURE (F)   61        82      2000
                                             1966
 MINIMUM TEMPERATURE (F)   33        19      2001
                                             1967


SUNRISE AND SUNSET
MAY  3 2015...........SUNRISE   607 AM MDT   SUNSET   831 PM MDT
MAY  4 2015...........SUNRISE   605 AM MDT   SUNSET   833 PM MDT


-  INDICATES NEGATIVE NUMBERS.
R  INDICATES RECORD WAS SET OR TIED.
MM INDICATES DATA IS MISSING.
T  INDICATES TRACE AMOUNT.





&&

THIS IS AN AUTOMATED...UNATTENDED WEATHER STATION AND MAY
UNDERESTIMATE WINTER PRECIPITATION.

$$
