000
CDUS43 KTOP 280640
CLILWC


CLIMATE REPORT
NATIONAL WEATHER SERVICE TOPEKA KS
140 AM CDT TUE APR 28 2015


...................................

...THE LAWRENCE KS CLIMATE SUMMARY FOR APRIL 27 2015...

CLIMATE NORMAL PERIOD 1981 TO 2010
CLIMATE RECORD PERIOD 9999 TO 9999


WEATHER ITEM   OBSERVED NORMAL DEPARTURE LAST
                VALUE   VALUE  FROM      YEAR
                               NORMAL
...............................................
TEMPERATURE (F)
 YESTERDAY
  MAXIMUM         67     70     -3       75
  MINIMUM         40     47     -7       61
  AVERAGE         54     58     -4       68

PRECIPITATION (IN)
  YESTERDAY        0.00   0.15  -0.15     0.38
  MONTH TO DATE    2.80   3.26  -0.46     3.33
  SINCE MAR 1      3.52   5.88  -2.36     4.30
  SINCE JAN 1      5.21   8.19  -2.98     5.35

DEGREE DAYS
 HEATING
  YESTERDAY       11      7      4        0
  MONTH TO DATE  228    303    -75      312
  SINCE MAR 1    820    944   -124     1053
  SINCE JUL 1   5109   4959    150     5479

 COOLING
  YESTERDAY        0      1     -1        3
  MONTH TO DATE    5     20    -15       10
  SINCE MAR 1      5     23    -18       10
  SINCE JAN 1      5     23    -18       10
...............................................


WIND (MPH)
  HIGHEST WIND SPEED    20   HIGHEST WIND DIRECTION    NE (50)
  HIGHEST GUST SPEED    26   HIGHEST GUST DIRECTION    NE (40)
  AVERAGE WIND SPEED     9.3


SKY COVER
  AVERAGE SKY COVER 0.0


WEATHER CONDITIONS
 THE FOLLOWING WEATHER WAS RECORDED YESTERDAY.
  NO SIGNIFICANT WEATHER WAS OBSERVED.


RELATIVE HUMIDITY (PERCENT)
 HIGHEST    92
 LOWEST     29
 AVERAGE    61

..........................................................


THE LAWRENCE KS CLIMATE NORMALS FOR TODAY
                         NORMAL
 MAXIMUM TEMPERATURE (F)   71
 MINIMUM TEMPERATURE (F)   47


SUNRISE AND SUNSET
APRIL 28 2015.........SUNRISE   627 AM CDT   SUNSET   811 PM CDT
APRIL 29 2015.........SUNRISE   626 AM CDT   SUNSET   811 PM CDT


-  INDICATES NEGATIVE NUMBERS.
R  INDICATES RECORD WAS SET OR TIED.
MM INDICATES DATA IS MISSING.
T  INDICATES TRACE AMOUNT.




$$
