000
CDUS42 KTAE 030643
CLIMAI


CLIMATE REPORT
NATIONAL WEATHER SERVICE TALLAHASSEE FL
242 AM EDT SUN MAY 3 2015


...................................

...THE MARIANNA CLIMATE SUMMARY FOR MAY 2 2015...

CLIMATE NORMAL PERIOD 1981 TO 2010
CLIMATE RECORD PERIOD 1950 TO 2015


WEATHER ITEM   OBSERVED NORMAL DEPARTURE LAST
                VALUE   VALUE  FROM      YEAR
                               NORMAL
...............................................
TEMPERATURE (F)
 YESTERDAY
  MAXIMUM         81     84     -3       70
  MINIMUM         50     59     -9       57
  AVERAGE         66     71     -5       64

PRECIPITATION (IN)
  YESTERDAY        0.00   0.06  -0.06     0.00
  MONTH TO DATE    0.00   0.11  -0.11     0.00
  SINCE MAR 1     13.49   9.36   4.13    21.61
  SINCE JAN 1     20.67  19.34   1.33    28.94

DEGREE DAYS
 HEATING
  YESTERDAY        0             0
  MONTH TO DATE    0             0
  SINCE MAR 1    107          -134
  SINCE JUL 1   1685            39

 COOLING
  YESTERDAY        1            -6
  MONTH TO DATE    3           -10
  SINCE MAR 1    307           151
  SINCE JAN 1    313           142
...............................................


WIND (MPH)
  HIGHEST WIND SPEED    12   HIGHEST WIND DIRECTION     S (190)
  HIGHEST GUST SPEED    14   HIGHEST GUST DIRECTION    SE (130)
  AVERAGE WIND SPEED     2.8




RELATIVE HUMIDITY (PERCENT)
 HIGHEST   100
 LOWEST     28
 AVERAGE    64

..........................................................




SUNRISE AND SUNSET
MAY  3 2015...........SUNRISE   555 AM CDT   SUNSET   721 PM CDT
MAY  4 2015...........SUNRISE   554 AM CDT   SUNSET   721 PM CDT


-  INDICATES NEGATIVE NUMBERS.
R  INDICATES RECORD WAS SET OR TIED.
MM INDICATES DATA IS MISSING.
T  INDICATES TRACE AMOUNT.




$$
