000
CDUS46 KHNX 040021
CLIMCE


CLIMATE REPORT
NATIONAL WEATHER SERVICE SAN JOAQUIN VALLEY, CA
520 PM PDT SUN MAY 3 2015


...................................

...THE MERCED  CA CLIMATE SUMMARY FOR MAY 3 2015...
VALID AS OF 0500 PM LOCAL TIME.

CLIMATE NORMAL PERIOD 1981 TO 2010
CLIMATE RECORD PERIOD 1998 TO 2015


WEATHER ITEM   OBSERVED TIME   RECORD YEAR NORMAL DEPARTURE LAST
                VALUE   (LST)  VALUE       VALUE  FROM      YEAR
                                                  NORMAL
..................................................................
TEMPERATURE (F)
 TODAY
  MAXIMUM         85    354 PM  98    2004  79      6       84
  MINIMUM         50    521 AM  42    2007  49      1       57
  AVERAGE         68                        64      4       71

PRECIPITATION (IN)
  TODAY            0.00          0.60 2003   0.04  -0.04     0.00
  MONTH TO DATE    0.00                      0.10  -0.10     0.00
  SINCE OCT 1      7.10                     11.58  -4.48     4.91
  SINCE JAN 1      2.35                      8.07  -5.72     3.90

SNOWFALL (IN)
  TODAY            0.0
  MONTH TO DATE    0.0
  SINCE MAR 1      0.0
  SINCE JUL 1      0.0
  SNOW DEPTH       0

DEGREE DAYS
 HEATING
  TODAY            0                                         0
  MONTH TO DATE    0                                         0
  SINCE MAR 1    259                                       253
  SINCE JUL 1   1723                                      2122

 COOLING
  TODAY            3                                         6
  MONTH TO DATE   21                                        27
  SINCE MAR 1     65                                        93
  SINCE JAN 1     65                                        93
..................................................................


WIND (MPH)
  HIGHEST WIND SPEED    12   HIGHEST WIND DIRECTION    NW (310)
  HIGHEST GUST SPEED    19   HIGHEST GUST DIRECTION    NW (310)
  AVERAGE WIND SPEED     4.2




RELATIVE HUMIDITY (PERCENT)
 HIGHEST    83
 LOWEST     19
 AVERAGE    51

..........................................................


THE MERCED  CA CLIMATE NORMALS FOR TOMORROW
                         NORMAL    RECORD    YEAR
 MAXIMUM TEMPERATURE (F)   79        95      2004
 MINIMUM TEMPERATURE (F)   49        38      1999


SUNRISE AND SUNSET
MAY  3 2015...........SUNRISE   605 AM PDT   SUNSET   754 PM PDT
MAY  4 2015...........SUNRISE   604 AM PDT   SUNSET   754 PM PDT


-  INDICATES NEGATIVE NUMBERS.
R  INDICATES RECORD WAS SET OR TIED.
MM INDICATES DATA IS MISSING.
T  INDICATES TRACE AMOUNT.




$$
