000
CDAK49 PAMC 040925
CLIMCG

CLIMATE REPORT
NATIONAL WEATHER SERVICE MCGRATH, AK
125 AM AKDT MON MAY 4 2015

...................................
...THE MCGRATH AIRPORT CLIMATE SUMMARY FOR MAY 3 2015...

CLIMATE NORMAL PERIOD  1981 TO  2010
CLIMATE RECORD PERIOD  1940 TO  2015

WEATHER ITEM   OBSERVED TIME    RECORD YEAR NORMAL DEPARTURE LAST
               VALUE    (LST)   VALUE       VALUE  FROM      YEAR
                                                   NORMAL
...................................................................
TEMPERATURE
YESTERDAY
 MAXIMUM            56  0343 PM    69  2014     51       5     69
 MINIMUM            37  0614 AM    -2  2001     31       6     35
 AVERAGE            47                          41       6     52

PRECIPITATION
(INCHES)
 YESTERDAY        0.00           0.31  1981   0.03   -0.03   0.00
 MONTH TO DATE    0.07                        0.08   -0.01   0.00
 SINCE MAR 1      0.59                        1.63   -1.04   0.12
 SINCE JAN 1      1.03                        3.66   -2.63   1.81

SNOWFALL
(INCHES)
 YESTERDAY         0.0            0.7  2013    0.1    -0.1    0.0
 MONTH TO DATE     0.0                         0.2    -0.2    0.0
 SINCE MAR 1       8.5                        16.6    -8.1    1.1
 SINCE JUL 1      41.6                        96.6   -55.0   47.1
 SNOW DEPTH (IN)     0                                          0

DEGREE DAYS
 HEATING
  YESTERDAY         18                          24      -6     13
  MONTH TO DATE     59                          73     -14     41
  SINCE MAR 1     2393                        2789    -396   2622
  SINCE JUL 1    11459                       13027   -1568  11449

 COOLING
  YESTERDAY          0                           0       0      0
  MONTH TO DATE      0                           0       0      0
  SINCE MAR 1        0                           0       0      0
  SINCE JAN 1        0                           0       0      0
...................................................................

WIND (MPH)
 HIGHEST WIND SPEED    13     HIGHEST WIND DIRECTION    170
 HIGHEST GUST SPEED    16     HIGHEST GUST DIRECTION    170
 AVERAGE WIND SPEED   4.3

WEATHER CONDITIONS
 THE FOLLOWING WEATHER WAS RECORDED YESTERDAY.
 NO SIGNIFICANT WEATHER WAS OBSERVED.
...................................................................

THE MCGRATH CLIMATE NORMALS FOR TODAY
                           NORMAL    RECORD   YEAR
 MAXIMUM TEMPERATURE (F)     52        74     2004
 MINIMUM TEMPERATURE (F)     31         4     1945

SUNRISE AND SUNSET
 MAY 4 2015..........SUNRISE  5:54 AM      SUNSET 10:48 PM
 MAY 5 2015..........SUNRISE  5:51 AM      SUNSET 10:51 PM

-  INDICATES NEGATIVE NUMBERS.
R  INDICATES RECORD HAS BEEN SET OR TIED.
MM INDICATES DATA IS MISSING.
T  INDICATES TRACE OF PRECIPITATION.

&&
-------------------------------------------------------------------

AMOUNT OF DAYLIGHT TODAY  (HOUR:MIN)........16 HOURS 54 MINUTES
GAIN SINCE YESTERDAY (HOUR:MIN:SEC)....+0:06:08

$$
ADJ MAY 15
