000
CDUS42 KFFC 190818
CLIMCN


CLIMATE REPORT
NATIONAL WEATHER SERVICE PEACHTREE CITY GA
417 AM EDT SUN APR 19 2015


...................................

...THE MACON CLIMATE SUMMARY FOR APRIL 18 2015...

CLIMATE NORMAL PERIOD 1981 TO 2010
CLIMATE RECORD PERIOD 1899 TO 2015


WEATHER ITEM   OBSERVED TIME   RECORD YEAR NORMAL DEPARTURE LAST
                VALUE   (LST)  VALUE       VALUE  FROM      YEAR
                                                  NORMAL
..................................................................
TEMPERATURE (F)
 YESTERDAY
  MAXIMUM         79    452 PM  90    1967  77      2       59
                                      1955
  MINIMUM         64    353 AM  33    2001  51     13       50
  AVERAGE         72                        64      8       55

PRECIPITATION (IN)
  YESTERDAY        0.57          3.47 1900   0.09   0.48     2.31
  MONTH TO DATE    3.58                      1.93   1.65     6.12
  SINCE MAR 1      5.86                      6.48  -0.62    10.05
  SINCE JAN 1     12.66                     15.08  -2.42    17.88

DEGREE DAYS
 HEATING
  YESTERDAY        0                         3     -3       10
  MONTH TO DATE   25                        83    -58       88
  SINCE MAR 1    233                       355   -122      459
  SINCE JUL 1   2446                      2280    166     2592

 COOLING
  YESTERDAY        7                         2      5        0
  MONTH TO DATE   82                        28     54       21
  SINCE MAR 1     94                        46     48       21
  SINCE JAN 1     94                        49     45       22
..................................................................


WIND (MPH)
  RESULTANT WIND SPEED   2   RESULTANT WIND DIRECTION   W (270)
  HIGHEST WIND SPEED     9   HIGHEST WIND DIRECTION     S (190)
  HIGHEST GUST SPEED    13   HIGHEST GUST DIRECTION     S (190)
  AVERAGE WIND SPEED     2.4


SKY COVER
  AVERAGE SKY COVER 0.9


WEATHER CONDITIONS
 THE FOLLOWING WEATHER WAS RECORDED YESTERDAY.
  HEAVY RAIN
  RAIN
  LIGHT RAIN
  FOG


RELATIVE HUMIDITY (PERCENT)
 HIGHEST   100           400 AM
 LOWEST     62           400 PM
 AVERAGE    81

..........................................................


THE MACON CLIMATE NORMALS FOR TODAY
                         NORMAL    RECORD    YEAR
 MAXIMUM TEMPERATURE (F)   78        91      2002
                                             1976
                                             1968
 MINIMUM TEMPERATURE (F)   51        31      1983


SUNRISE AND SUNSET
APRIL 19 2015.........SUNRISE   701 AM EDT   SUNSET   807 PM EDT
APRIL 20 2015.........SUNRISE   700 AM EDT   SUNSET   808 PM EDT


-  INDICATES NEGATIVE NUMBERS.
R  INDICATES RECORD WAS SET OR TIED.
MM INDICATES DATA IS MISSING.
T  INDICATES TRACE AMOUNT.




$$
