000
CDUS41 KCTP 260634
CLIMDT


CLIMATE REPORT
NATIONAL WEATHER SERVICE STATE COLLEGE PA
233 AM EDT SUN APR 26 2015


...................................

...THE HARRISBURG PA CLIMATE SUMMARY FOR APRIL 25 2015...

CLIMATE NORMAL PERIOD 1981 TO 2010
CLIMATE RECORD PERIOD 1888 TO 2015


WEATHER ITEM   OBSERVED TIME   RECORD YEAR NORMAL DEPARTURE LAST
                VALUE   (LST)  VALUE       VALUE  FROM      YEAR
                                                  NORMAL
..................................................................
TEMPERATURE (F)
 YESTERDAY
  MAXIMUM         56    334 PM  93    1915  66    -10       65
  MINIMUM         32    328 AM  30    1956  45    -13       39
  AVERAGE         44                        56    -12       52

PRECIPITATION (IN)
  YESTERDAY        0.00          1.28 1914   0.10  -0.10     0.28
  MONTH TO DATE    1.98                      2.58  -0.60     2.57
  SINCE MAR 1      5.54                      5.95  -0.41     6.45
  SINCE JAN 1      9.13                     11.22  -2.09    13.16

SNOWFALL (IN)
  YESTERDAY        0.0           T    1919   0.0    0.0      0.0
  MONTH TO DATE    T                         0.4   -0.4       T
  SINCE MAR 1     11.8                       5.6    6.2      1.4
  SINCE JUL 1     39.2                      30.6    8.6     44.0
  SNOW DEPTH       0

DEGREE DAYS
 HEATING
  YESTERDAY       21                        10     11       13
  MONTH TO DATE  301                       348    -47      338
  SINCE MAR 1   1195                      1071    124     1212
  SINCE JUL 1   5498                      5059    439     5556

 COOLING
  YESTERDAY        0                         0      0        0
  MONTH TO DATE    0                         0      0        6
  SINCE MAR 1      0                         1     -1        6
  SINCE JAN 1      0                         1     -1        6
..................................................................


WIND (MPH)
  HIGHEST WIND SPEED    10   HIGHEST WIND DIRECTION    SW (230)
  HIGHEST GUST SPEED    14   HIGHEST GUST DIRECTION    SW (230)
  AVERAGE WIND SPEED     5.0


SKY COVER
  POSSIBLE SUNSHINE  MM
  AVERAGE SKY COVER 0.7


WEATHER CONDITIONS
 THE FOLLOWING WEATHER WAS RECORDED YESTERDAY.
  NO SIGNIFICANT WEATHER WAS OBSERVED.


RELATIVE HUMIDITY (PERCENT)
 HIGHEST    59           400 AM
 LOWEST     25          1200 AM
 AVERAGE    42

..........................................................


THE HARRISBURG PA CLIMATE NORMALS FOR TODAY
                         NORMAL    RECORD    YEAR
 MAXIMUM TEMPERATURE (F)   66        91      1990
                                             1942
 MINIMUM TEMPERATURE (F)   45        32      1892


SUNRISE AND SUNSET
APRIL 26 2015.........SUNRISE   614 AM EDT   SUNSET   757 PM EDT
APRIL 27 2015.........SUNRISE   612 AM EDT   SUNSET   758 PM EDT


-  INDICATES NEGATIVE NUMBERS.
R  INDICATES RECORD WAS SET OR TIED.
MM INDICATES DATA IS MISSING.
T  INDICATES TRACE AMOUNT.




$$
