000
CDUS44 KMEG 280641
CLIMEM


CLIMATE REPORT
NATIONAL WEATHER SERVICE MEMPHIS TN
141 AM CDT TUE APR 28 2015


...................................

...THE MEMPHIS CLIMATE SUMMARY FOR APRIL 27 2015...

CLIMATE NORMAL PERIOD 1981 TO 2010
CLIMATE RECORD PERIOD 1872 TO 2015


WEATHER ITEM   OBSERVED TIME   RECORD YEAR NORMAL DEPARTURE LAST
                VALUE   (LST)  VALUE       VALUE  FROM      YEAR
                                                  NORMAL
..................................................................
TEMPERATURE (F)
 YESTERDAY
  MAXIMUM         68    427 PM  92    1987  76     -8       72
  MINIMUM         51    519 AM  40    1953  57     -6       65
  AVERAGE         60                        66     -6       69

PRECIPITATION (IN)
  YESTERDAY        0.00          2.82 1991   0.18  -0.18     2.24
  MONTH TO DATE    3.07                      4.95  -1.88     5.77
  SINCE MAR 1      8.55                     10.11  -1.56    13.15
  SINCE JAN 1     14.20                     18.48  -4.28    21.27

SNOWFALL (IN)
  YESTERDAY        0.0          MM      MM   0.0    0.0      0.0
  MONTH TO DATE    0.0                       0.0    0.0      0.0
  SINCE MAR 1      3.6                       0.4    3.2      0.5
  SINCE JUL 1      6.1                       3.8    2.3      0.8
  SNOW DEPTH       0

DEGREE DAYS
 HEATING
  YESTERDAY        5                         2      3        0
  MONTH TO DATE   61                       131    -70      120
  SINCE MAR 1    439                       489    -50      595
  SINCE JUL 1   3162                      2939    223     3421

 COOLING
  YESTERDAY        0                         4     -4        4
  MONTH TO DATE   84                        64     20       51
  SINCE MAR 1     90                        81      9       53
  SINCE JAN 1     90                        84      6       53
..................................................................


WIND (MPH)
  HIGHEST WIND SPEED    21   HIGHEST WIND DIRECTION    NE (50)
  HIGHEST GUST SPEED    25   HIGHEST GUST DIRECTION    NE (60)
  AVERAGE WIND SPEED    11.8


SKY COVER
  POSSIBLE SUNSHINE  MM
  AVERAGE SKY COVER 0.8


WEATHER CONDITIONS
 THE FOLLOWING WEATHER WAS RECORDED YESTERDAY.
  NO SIGNIFICANT WEATHER WAS OBSERVED.


RELATIVE HUMIDITY (PERCENT)
 HIGHEST    77           200 AM
 LOWEST     35           400 PM
 AVERAGE    56

..........................................................


THE MEMPHIS CLIMATE NORMALS FOR TODAY
                         NORMAL    RECORD    YEAR
 MAXIMUM TEMPERATURE (F)   76        87      2002
                                             1981
                                             1899
 MINIMUM TEMPERATURE (F)   57        39      1992


SUNRISE AND SUNSET
APRIL 28 2015.........SUNRISE   613 AM CDT   SUNSET   743 PM CDT
APRIL 29 2015.........SUNRISE   611 AM CDT   SUNSET   744 PM CDT


-  INDICATES NEGATIVE NUMBERS.
R  INDICATES RECORD WAS SET OR TIED.
MM INDICATES DATA IS MISSING.
T  INDICATES TRACE AMOUNT.




$$
