000
CDUS41 KCLE 180528
CLIMFD


CLIMATE REPORT
NATIONAL WEATHER SERVICE CLEVELAND OH
126 AM EDT SAT APR 18 2015


...................................

...THE MANSFIELD OH CLIMATE SUMMARY FOR APRIL 17 2015...

CLIMATE NORMAL PERIOD 1981 TO 2010
CLIMATE RECORD PERIOD 1916 TO 2015


WEATHER ITEM   OBSERVED TIME   RECORD YEAR NORMAL DEPARTURE LAST
                VALUE   (LST)  VALUE       VALUE  FROM      YEAR
                                                  NORMAL
..................................................................
TEMPERATURE (F)
 YESTERDAY
  MAXIMUM         71    511 PM  83    1969  60     11       64
  MINIMUM         52   1110 PM  21    1946  39     13       34
  AVERAGE         62                        49     13       49

PRECIPITATION (IN)
  YESTERDAY        0.01                      0.14  -0.13     0.00
  MONTH TO DATE    4.59                      2.38   2.21     3.98
  SINCE MAR 1      7.46                      5.77   1.69     5.82
  SINCE JAN 1     12.62                     11.03   1.59    10.15

SNOWFALL (IN)
  YESTERDAY        0.0                       0.1   -0.1      0.0
  MONTH TO DATE    0.0                       2.1   -2.1      1.0
  SINCE MAR 1     10.7                       9.9    0.8     11.5
  SINCE JUL 1     63.2                      47.8   15.4     65.4
  SNOW DEPTH       0

DEGREE DAYS
 HEATING
  YESTERDAY        3                        16    -13       16
  MONTH TO DATE  198                       320   -122      278
  SINCE MAR 1   1151                      1185    -34     1305
  SINCE JUL 1   6223                      5810    413     6349

 COOLING
  YESTERDAY        0                         0      0        0
  MONTH TO DATE    0                         0      0        2
  SINCE MAR 1      0                         1     -1        2
  SINCE JAN 1      0                         1     -1        2
..................................................................


WIND (MPH)
  HIGHEST WIND SPEED    14   HIGHEST WIND DIRECTION     S (190)
  HIGHEST GUST SPEED    17   HIGHEST GUST DIRECTION     S (190)
  AVERAGE WIND SPEED     4.5


SKY COVER
  POSSIBLE SUNSHINE  MM
  AVERAGE SKY COVER 0.5


WEATHER CONDITIONS
 THE FOLLOWING WEATHER WAS RECORDED YESTERDAY.
  FOG
  HAZE


RELATIVE HUMIDITY (PERCENT)
 HIGHEST   100           700 AM
 LOWEST     40           400 PM
 AVERAGE    70

..........................................................


THE MANSFIELD OH CLIMATE NORMALS FOR TODAY
                         NORMAL    RECORD    YEAR
 MAXIMUM TEMPERATURE (F)   61        82      2013
                                             2002
                                             1976
 MINIMUM TEMPERATURE (F)   39        23      1990


SUNRISE AND SUNSET
APRIL 18 2015.........SUNRISE   647 AM EDT   SUNSET   813 PM EDT
APRIL 19 2015.........SUNRISE   646 AM EDT   SUNSET   814 PM EDT


-  INDICATES NEGATIVE NUMBERS.
R  INDICATES RECORD WAS SET OR TIED.
MM INDICATES DATA IS MISSING.
T  INDICATES TRACE AMOUNT.




$$
