000
CDUS44 KBRO 050626
CLIMFE


CLIMATE REPORT
NATIONAL WEATHER SERVICE BROWNSVILLE TX
126 AM CDT TUE MAY 5 2015


...................................

...THE MCALLEN CLIMATE SUMMARY FOR MAY 4 2015...

CLIMATE NORMAL PERIOD 1981 TO 2010
CLIMATE RECORD PERIOD 1941 TO 2015


WEATHER ITEM   OBSERVED TIME   RECORD YEAR NORMAL DEPARTURE LAST
                VALUE   (LST)  VALUE       VALUE  FROM      YEAR
                                                  NORMAL
..................................................................
TEMPERATURE (F)
 YESTERDAY
  MAXIMUM         87   1104 AM 110    1999  89     -2       87
  MINIMUM         74    143 AM  50    1954  70      4       54
  AVERAGE         81                        80      1

PRECIPITATION (IN)
  YESTERDAY        0.00          2.94 1966   0.07  -0.07     0.00
  MONTH TO DATE    T                         0.26  -0.26      T
  SINCE MAR 1      5.98                      2.63   3.35     1.20
  SINCE JAN 1      6.57                      4.79   1.78     2.08

SNOWFALL (IN)
  YESTERDAY        0.0
  MONTH TO DATE    0.0
  SINCE MAR 1      0.0
  SINCE JUL 1      0.0

DEGREE DAYS
 HEATING
  YESTERDAY        0                         0      0        0
  MONTH TO DATE    0                         0      0        0
  SINCE MAR 1     66                        46     20      107
  SINCE JUL 1    756                       579    177      883

 COOLING
  YESTERDAY       16                        15      1        6
  MONTH TO DATE   51                        57     -6       26
  SINCE MAR 1    647                       629     18      511
  SINCE JAN 1    732                       788    -56      639
..................................................................


WIND (MPH)
  HIGHEST WIND SPEED    24   HIGHEST WIND DIRECTION    SE (120)
  HIGHEST GUST SPEED    30   HIGHEST GUST DIRECTION    SE (140)
  AVERAGE WIND SPEED    14.8



WEATHER CONDITIONS
 THE FOLLOWING WEATHER WAS RECORDED YESTERDAY.
  NO SIGNIFICANT WEATHER WAS OBSERVED.


RELATIVE HUMIDITY (PERCENT)
 HIGHEST    87
 LOWEST     51
 AVERAGE    69

..........................................................


THE MCALLEN CLIMATE NORMALS FOR TODAY
                         NORMAL    RECORD    YEAR
 MAXIMUM TEMPERATURE (F)   90       106      1999
 MINIMUM TEMPERATURE (F)   70        51      1970


SUNRISE AND SUNSET
MAY  5 2015...........SUNRISE   653 AM CDT   SUNSET   807 PM CDT
MAY  6 2015...........SUNRISE   652 AM CDT   SUNSET   807 PM CDT


-  INDICATES NEGATIVE NUMBERS.
R  INDICATES RECORD WAS SET OR TIED.
MM INDICATES DATA IS MISSING.
T  INDICATES TRACE AMOUNT.




$$
