000
CDUS46 KMFR 280037
CLIMFR


CLIMATE REPORT
NATIONAL WEATHER SERVICE MEDFORD, OR
537 PM PDT MON APR 27 2015


...................................

...THE MEDFORD OR CLIMATE SUMMARY FOR APRIL 27 2015...
VALID TODAY AS OF 0500 PM LOCAL TIME.

CLIMATE NORMAL PERIOD 1981 TO 2010
CLIMATE RECORD PERIOD 1911 TO 2015


WEATHER ITEM   OBSERVED TIME   RECORD YEAR NORMAL DEPARTURE LAST
                VALUE   (LST)  VALUE       VALUE  FROM      YEAR
                                                  NORMAL
..................................................................
TEMPERATURE (F)
 TODAY
  MAXIMUM         87    359 PM  95    1926  68     19       60
  MINIMUM         43    528 AM  27    1955  43      0       44
  AVERAGE         65                        55     10       52

PRECIPITATION (IN)
  TODAY            0.00          0.64 2010   0.04  -0.04     0.07
  MONTH TO DATE    0.60                      1.25  -0.65     0.82
  SINCE OCT 1     13.35                     15.04  -1.69    11.33
  SINCE JAN 1      6.50                      7.40  -0.90     9.65

SNOWFALL (IN)
  TODAY            0.0                       0.0    0.0      0.0
  MONTH TO DATE    0.0                       0.1   -0.1      0.0
  SINCE JUL 1      T                         4.2   -4.2      3.4
  SNOW DEPTH       0

DEGREE DAYS
 HEATING
  TODAY            0                        10    -10       13
  MONTH TO DATE  322                       337    -15      246
  SINCE MAR 1    677                       855   -178      667
  SINCE JUL 1   3117                      3969   -852     4037

 COOLING
  TODAY            0                         0      0        0
  MONTH TO DATE    0                         0      0        0
  SINCE MAR 1      0                         0      0        0
  SINCE JAN 1      0                         0      0        0
..................................................................


WIND (MPH)
  HIGHEST WIND SPEED     8   HIGHEST WIND DIRECTION    NE (30)
  HIGHEST GUST SPEED    11   HIGHEST GUST DIRECTION     N (360)
  AVERAGE WIND SPEED     2.1


SKY COVER
  POSSIBLE SUNSHINE  MM
  AVERAGE SKY COVER 0.0


WEATHER CONDITIONS
 THE FOLLOWING WEATHER WAS RECORDED TODAY.
  NO SIGNIFICANT WEATHER WAS OBSERVED.


RELATIVE HUMIDITY (PERCENT)
 HIGHEST    86           200 AM
 LOWEST     22           400 PM
 AVERAGE    54

..........................................................


THE MEDFORD OR CLIMATE NORMALS FOR TOMORROW
                         NORMAL    RECORD    YEAR
 MAXIMUM TEMPERATURE (F)   68        96      1926
 MINIMUM TEMPERATURE (F)   43        26      1967


SUNRISE AND SUNSET
APRIL 27 2015.........SUNRISE   612 AM PDT   SUNSET   806 PM PDT
APRIL 28 2015.........SUNRISE   611 AM PDT   SUNSET   808 PM PDT


-  INDICATES NEGATIVE NUMBERS.
R  INDICATES RECORD WAS SET OR TIED.
MM INDICATES DATA IS MISSING.
T  INDICATES TRACE AMOUNT.




$$
