000
CDUS44 KBMX 272120
CLIMGM


CLIMATE REPORT
NATIONAL WEATHER SERVICE BIRMINGHAM, AL
419 PM CDT MON APR 27 2015


...................................

...THE MONTGOMERY CLIMATE SUMMARY FOR APRIL 27 2015...
VALID AS OF 0400 PM LOCAL TIME.

CLIMATE NORMAL PERIOD 1981 TO 2010
CLIMATE RECORD PERIOD 1994 TO 2015


WEATHER ITEM   OBSERVED TIME   RECORD YEAR NORMAL DEPARTURE LAST
                VALUE   (LST)  VALUE       VALUE  FROM      YEAR
                                                  NORMAL
..................................................................
TEMPERATURE (F)
 TODAY
  MAXIMUM         73   1251 PM  90    1899  79     -6       83
  MINIMUM         58    602 AM  41    1992  55      3       64
                                      1976
  AVERAGE         66                        67     -1       74

PRECIPITATION (IN)
  TODAY            0.00          2.32 1949   0.11  -0.11     0.09
  MONTH TO DATE    5.79                      3.69   2.10     8.03
  SINCE MAR 1      7.79                      9.64  -1.85    13.55
  SINCE JAN 1     15.45                     19.57  -4.12    21.22

SNOWFALL (IN)
  TODAY            0.0                       0.0    0.0      0.0
  MONTH TO DATE    0.0                       0.0    0.0      0.0
  SINCE MAR 1      0.0                       0.3   -0.3      0.0
  SINCE JUL 1      0.0                       0.4   -0.4      0.5
  SNOW DEPTH       0

DEGREE DAYS

 COOLING
  TODAY            1                         4     -3        9
  MONTH TO DATE  148                        60     88       70
  SINCE MAR 1    219                        83    136       73
  SINCE JAN 1    219                        89    130       80
..................................................................


WIND (MPH)
  HIGHEST WIND SPEED    14   HIGHEST WIND DIRECTION    NE (30)
  HIGHEST GUST SPEED    16   HIGHEST GUST DIRECTION    NE (40)
  AVERAGE WIND SPEED     6.0


SKY COVER
  AVERAGE SKY COVER 0.0


WEATHER CONDITIONS
 THE FOLLOWING WEATHER WAS RECORDED TODAY.
  NO SIGNIFICANT WEATHER WAS OBSERVED.


RELATIVE HUMIDITY (PERCENT)
 HIGHEST    78           300 AM
 LOWEST     47           200 PM
 AVERAGE    63

..........................................................


THE MONTGOMERY CLIMATE NORMALS FOR TOMORROW
                         NORMAL    RECORD    YEAR
 MAXIMUM TEMPERATURE (F)   80        92      1899
 MINIMUM TEMPERATURE (F)   55        41      1992


SUNRISE AND SUNSET
APRIL 27 2015.........SUNRISE   603 AM CDT   SUNSET   724 PM CDT
APRIL 28 2015.........SUNRISE   602 AM CDT   SUNSET   724 PM CDT


-  INDICATES NEGATIVE NUMBERS.
R  INDICATES RECORD WAS SET OR TIED.
MM INDICATES DATA IS MISSING.
T  INDICATES TRACE AMOUNT.




$$
