000
CDUS43 KIND 270531
CLIMIE


CLIMATE REPORT
NATIONAL WEATHER SERVICE INDIANAPOLIS IN
131 AM EDT MON APR 27 2015


...................................

...THE MUNCIE IN CLIMATE SUMMARY FOR APRIL 26 2015...

CLIMATE NORMAL PERIOD 1981 TO 2010
CLIMATE RECORD PERIOD 9999 TO 9999


WEATHER ITEM   OBSERVED TIME   NORMAL DEPARTURE LAST
                VALUE   (LST)  VALUE  FROM      YEAR
                                      NORMAL
......................................................
TEMPERATURE (F)
 YESTERDAY
  MAXIMUM         58    459 PM  66     -8       72
  MINIMUM         37    632 AM  45     -8       50
  AVERAGE         48            55     -7       61

PRECIPITATION (IN)
  YESTERDAY        0.00          0.12  -0.12     0.00
  MONTH TO DATE    4.14          3.18   0.96     5.17
  SINCE MAR 1      7.16          6.13   1.03     6.70
  SINCE JAN 1     10.10         10.67  -0.57     9.66

DEGREE DAYS
 HEATING
  YESTERDAY       17            10      7        4
  MONTH TO DATE  305           383    -78      367
  SINCE MAR 1   1171          1170      1     1319
  SINCE JUL 1   6036          5553    483     6229

 COOLING
  YESTERDAY        0             1     -1        0
  MONTH TO DATE    3             9     -6        6
  SINCE MAR 1      3            10     -7        6
  SINCE JAN 1      3            10     -7        6
......................................................


WIND (MPH)
  HIGHEST WIND SPEED    18   HIGHEST WIND DIRECTION     N (20)
  HIGHEST GUST SPEED    34   HIGHEST GUST DIRECTION     N (360)
  AVERAGE WIND SPEED    10.7


SKY COVER
  AVERAGE SKY COVER 0.5


WEATHER CONDITIONS
 THE FOLLOWING WEATHER WAS RECORDED YESTERDAY.
  NO SIGNIFICANT WEATHER WAS OBSERVED.


RELATIVE HUMIDITY (PERCENT)
 HIGHEST    82           500 AM
 LOWEST     40           500 PM
 AVERAGE    61

..........................................................


THE MUNCIE IN CLIMATE NORMALS FOR TODAY
                         NORMAL
 MAXIMUM TEMPERATURE (F)   66
 MINIMUM TEMPERATURE (F)   45


SUNRISE AND SUNSET
APRIL 27 2015.........SUNRISE   647 AM EDT   SUNSET   832 PM EDT
APRIL 28 2015.........SUNRISE   645 AM EDT   SUNSET   833 PM EDT


-  INDICATES NEGATIVE NUMBERS.
R  INDICATES RECORD WAS SET OR TIED.
MM INDICATES DATA IS MISSING.
T  INDICATES TRACE AMOUNT.




$$
