000
CDUS43 KDVN 250914
CLIMLI


CLIMATE REPORT
NATIONAL WEATHER SERVICE QUAD CITIES IA IL
414 AM CDT SAT APR 25 2015


...................................

...THE MOLINE IL CLIMATE SUMMARY FOR APRIL 24 2015...

CLIMATE NORMAL PERIOD 1981 TO 2010
CLIMATE RECORD PERIOD 1872 TO 2015


WEATHER ITEM   OBSERVED TIME   RECORD YEAR NORMAL DEPARTURE LAST
                VALUE   (LST)  VALUE       VALUE  FROM      YEAR
                                                  NORMAL
..................................................................
TEMPERATURE (F)
 YESTERDAY
  MAXIMUM         64    128 PM  86    1939  66     -2       65
  MINIMUM         28    134 AM  23    1956  44    -16       44
                                      1910
  AVERAGE         46                        55     -9       55

PRECIPITATION (IN)
  YESTERDAY        0.21          2.26 1965   0.13   0.08     0.21
  MONTH TO DATE    0.91                      2.80  -1.89     1.96
  SINCE MAR 1      1.80                      5.66  -3.86     2.87
  SINCE JAN 1      4.73                      8.75  -4.02     6.89

SNOWFALL (IN)
  YESTERDAY        0.0          MM      MM   0.0    0.0      0.0
  MONTH TO DATE    0.0                       0.9   -0.9       T
  SINCE MAR 1      0.1                       4.9   -4.8     10.3
  SINCE JUL 1     39.1                      31.6    7.5     65.1
  SNOW DEPTH       0

DEGREE DAYS
 HEATING
  YESTERDAY       19                        11      8       10
  MONTH TO DATE  287                       362    -75      385
  SINCE MAR 1   1130                      1166    -36     1411
  SINCE JUL 1   6388                      5964    424     7081

 COOLING
  YESTERDAY        0                         1     -1        0
  MONTH TO DATE    0                         8     -8        5
  SINCE MAR 1      0                         9     -9        5
  SINCE JAN 1      0                         9     -9        5
..................................................................


WIND (MPH)
  HIGHEST WIND SPEED    25   HIGHEST WIND DIRECTION    SE (150)
  HIGHEST GUST SPEED    31   HIGHEST GUST DIRECTION     S (160)
  AVERAGE WIND SPEED    11.9


SKY COVER
  POSSIBLE SUNSHINE  MM
  AVERAGE SKY COVER 0.8


WEATHER CONDITIONS
 THE FOLLOWING WEATHER WAS RECORDED YESTERDAY.
  THUNDERSTORM
  HEAVY RAIN
  RAIN
  LIGHT RAIN
  HAZE


RELATIVE HUMIDITY (PERCENT)
 HIGHEST    77           900 PM
 LOWEST     27           200 PM
 AVERAGE    52

..........................................................


THE MOLINE IL CLIMATE NORMALS FOR TODAY
                         NORMAL    RECORD    YEAR
 MAXIMUM TEMPERATURE (F)   66        93      1986
 MINIMUM TEMPERATURE (F)   44        22      1934


SUNRISE AND SUNSET
APRIL 25 2015.........SUNRISE   608 AM CDT   SUNSET   753 PM CDT
APRIL 26 2015.........SUNRISE   606 AM CDT   SUNSET   754 PM CDT


-  INDICATES NEGATIVE NUMBERS.
R  INDICATES RECORD WAS SET OR TIED.
MM INDICATES DATA IS MISSING.
T  INDICATES TRACE AMOUNT.




$$
