000
CDUS44 KSHV 250753
CLIMLU


CLIMATE REPORT
NATIONAL WEATHER SERVICE SHREVEPORT, LA
250 AM CDT SAT APR 25 2015


...................................

...THE MONROE CLIMATE SUMMARY FOR APRIL 24 2015...

CLIMATE NORMAL PERIOD 1981 TO 2010
CLIMATE RECORD PERIOD 1930 TO 2015


WEATHER ITEM   OBSERVED TIME   RECORD YEAR NORMAL DEPARTURE LAST
                VALUE   (LST)  VALUE       VALUE  FROM      YEAR
                                                  NORMAL
..................................................................
TEMPERATURE (F)
 YESTERDAY
  MAXIMUM         75    429 PM  91    1965  80     -5       83
  MINIMUM         60    623 AM  43    2005  56      4       54
  AVERAGE         68                        68      0       69

PRECIPITATION (IN)
  YESTERDAY        1.20          3.03 1964   0.16   1.04      T
  MONTH TO DATE    4.24                      3.60   0.64     7.88
  SINCE DEC 1     22.46                     23.25  -0.79    19.91
  SINCE JAN 1     17.98                     17.96   0.02    16.65

SNOWFALL (IN)
  YESTERDAY        0.0
  MONTH TO DATE    0.0
  SINCE MAR 1      0.4
  SINCE JUL 1      3.9
  SNOW DEPTH       0

DEGREE DAYS
 HEATING
  YESTERDAY        0                         1     -1        0
  MONTH TO DATE   35                        75    -40      106
  SINCE MAR 1    299                       325    -26      480
  SINCE JUL 1   2503                      2219    284     2806

 COOLING
  YESTERDAY        3                         4     -1        4
  MONTH TO DATE  105                        72     33       53
  SINCE MAR 1    121                       104     17       60
  SINCE JAN 1    121                       115      6       62
..................................................................


WIND (MPH)
  HIGHEST WIND SPEED    26   HIGHEST WIND DIRECTION     W (290)
  HIGHEST GUST SPEED    36   HIGHEST GUST DIRECTION     W (280)
  AVERAGE WIND SPEED     6.0


SKY COVER
  POSSIBLE SUNSHINE  MM
  AVERAGE SKY COVER 0.7


WEATHER CONDITIONS
 THE FOLLOWING WEATHER WAS RECORDED YESTERDAY.
  THUNDERSTORM
  HEAVY RAIN
  RAIN
  LIGHT RAIN
  FOG
  HAZE


RELATIVE HUMIDITY (PERCENT)
 HIGHEST   100           800 PM
 LOWEST     79          1200 PM
 AVERAGE    90

..........................................................


THE MONROE CLIMATE NORMALS FOR TODAY
                         NORMAL    RECORD    YEAR
 MAXIMUM TEMPERATURE (F)   80        90      1989
 MINIMUM TEMPERATURE (F)   56        43      1969


SUNRISE AND SUNSET
APRIL 25 2015.........SUNRISE   628 AM CDT   SUNSET   745 PM CDT
APRIL 26 2015.........SUNRISE   627 AM CDT   SUNSET   746 PM CDT


-  INDICATES NEGATIVE NUMBERS.
R  INDICATES RECORD WAS SET OR TIED.
MM INDICATES DATA IS MISSING.
T  INDICATES TRACE AMOUNT.




$$
