000
CDUS44 KSHV 011245
CLIMLU


CLIMATE REPORT
NATIONAL WEATHER SERVICE SHREVEPORT, LA
745 AM CDT WED APR 1 2015


...................................

...THE MONROE CLIMATE SUMMARY FOR MARCH 31 2015...

CLIMATE NORMAL PERIOD 1981 TO 2010
CLIMATE RECORD PERIOD 1930 TO 2015


WEATHER ITEM   OBSERVED TIME   RECORD YEAR NORMAL DEPARTURE LAST
                VALUE   (LST)  VALUE       VALUE  FROM      YEAR
                                                  NORMAL
..................................................................
TEMPERATURE (F)
 YESTERDAY
  MAXIMUM         83    339 PM  91    1974  74      9       79
  MINIMUM         59   1200 AM  29    1987  49     10       42
  AVERAGE         71                        62      9       61

PRECIPITATION (IN)
  YESTERDAY        0.00          2.62 1932   0.15  -0.15     0.00
  MONTH TO DATE    3.98                      4.72  -0.74     4.34
  SINCE DEC 1     18.22                     19.65  -1.43    12.03
  SINCE JAN 1     13.74                     14.36  -0.62     8.77

SNOWFALL (IN)
  YESTERDAY        0.0
  MONTH TO DATE    0.4
  SINCE MAR 1      0.4
  SINCE JUL 1      3.9
  SNOW DEPTH       0

DEGREE DAYS
 HEATING
  YESTERDAY        0                         5     -5        4
  MONTH TO DATE  264                       251     13      374
  SINCE MAR 1    264                       250     14      374
  SINCE JUL 1   2468                      2144    324     2700

 COOLING
  YESTERDAY        6                         2      4        0
  MONTH TO DATE   16                        32    -16        7
  SINCE MAR 1     16                        32    -16        7
  SINCE JAN 1     16                        43    -27        9
..................................................................


WIND (MPH)
  HIGHEST WIND SPEED    18   HIGHEST WIND DIRECTION    SW (240)
  HIGHEST GUST SPEED    24   HIGHEST GUST DIRECTION    SW (240)
  AVERAGE WIND SPEED     9.0


SKY COVER
  POSSIBLE SUNSHINE  MM
  AVERAGE SKY COVER 0.3


WEATHER CONDITIONS
 THE FOLLOWING WEATHER WAS RECORDED YESTERDAY.
  NO SIGNIFICANT WEATHER WAS OBSERVED.


RELATIVE HUMIDITY (PERCENT)
 HIGHEST   100          1200 AM
 LOWEST     47           200 PM
 AVERAGE    74

..........................................................


THE MONROE CLIMATE NORMALS FOR TODAY
                         NORMAL    RECORD    YEAR
 MAXIMUM TEMPERATURE (F)   74        91      1936
 MINIMUM TEMPERATURE (F)   50        36      1987


SUNRISE AND SUNSET
APRIL  1 2015.........SUNRISE   657 AM CDT   SUNSET   728 PM CDT
APRIL  2 2015.........SUNRISE   655 AM CDT   SUNSET   729 PM CDT


-  INDICATES NEGATIVE NUMBERS.
R  INDICATES RECORD WAS SET OR TIED.
MM INDICATES DATA IS MISSING.
T  INDICATES TRACE AMOUNT.




$$
