000
CDUS46 KPQR 181142
CLIMMV


CLIMATE REPORT
NATIONAL WEATHER SERVICE PORTLAND OREGON
441 AM PDT SAT APR 18 2015


...................................

...THE MCMINNVILLE OR CLIMATE SUMMARY FOR APRIL 17 2015...

CLIMATE NORMAL PERIOD 1981 TO 2010
CLIMATE RECORD PERIOD 1894 TO 2015


WEATHER ITEM   OBSERVED TIME   RECORD YEAR NORMAL DEPARTURE LAST
                VALUE   (LST)  VALUE       VALUE  FROM      YEAR
                                                  NORMAL
..................................................................
TEMPERATURE (F)
 YESTERDAY
  MAXIMUM         74    448 PM  88    1897  61     13       57
  MINIMUM         39    559 AM  26    1968  39      0       42
  AVERAGE         57                        50      7       50

PRECIPITATION (IN)
  YESTERDAY        0.00          1.40 1908   0.09  -0.09     0.61
  MONTH TO DATE    1.26                      1.84  -0.58     1.22
  SINCE OCT 1     30.60                     32.44  -1.84    21.79
  SINCE JAN 1     14.36                     16.41  -2.05    16.83

DEGREE DAYS
 HEATING
  YESTERDAY        8                        15     -7       15
  MONTH TO DATE  289                       269     20      211
  SINCE JUL 1   3199                      4220  -1021     4142

 COOLING
  YESTERDAY        0                         0      0        0
  MONTH TO DATE    0                         0      0        0
  SINCE JAN 1      0                         0      0        0
..................................................................


WIND (MPH)
  HIGHEST WIND SPEED    16   HIGHEST WIND DIRECTION     N (360)
  HIGHEST GUST SPEED    20   HIGHEST GUST DIRECTION     N (20)
  AVERAGE WIND SPEED     3.6


SKY COVER
  POSSIBLE SUNSHINE  MM
  AVERAGE SKY COVER 0.0


WEATHER CONDITIONS
 THE FOLLOWING WEATHER WAS RECORDED YESTERDAY.
  FOG


RELATIVE HUMIDITY (PERCENT)
 HIGHEST    92           600 AM
 LOWEST     33           500 PM
 AVERAGE    63

..........................................................


THE MCMINNVILLE OR CLIMATE NORMALS FOR TODAY
                         NORMAL    RECORD    YEAR
 MAXIMUM TEMPERATURE (F)   61        80      1939
 MINIMUM TEMPERATURE (F)   39        28      1972


SUNRISE AND SUNSET
APRIL 18 2015.........SUNRISE   523 AM PST   SUNSET   702 PM PST
APRIL 19 2015.........SUNRISE   521 AM PST   SUNSET   703 PM PST


-  INDICATES NEGATIVE NUMBERS.
R  INDICATES RECORD WAS SET OR TIED.
MM INDICATES DATA IS MISSING.
T  INDICATES TRACE AMOUNT.




$$
