000
CDUS45 KMSO 062231
CLIMSO


CLIMATE REPORT
NATIONAL WEATHER SERVICE MISSOULA, MT
430 PM MDT WED MAY 6 2015


...................................

...THE MISSOULA MT CLIMATE SUMMARY FOR MAY 6 2015...
VALID TODAY AS OF 0400 PM LOCAL TIME.

CLIMATE NORMAL PERIOD 1981 TO 2010
CLIMATE RECORD PERIOD 1893 TO 2015


WEATHER ITEM   OBSERVED TIME   RECORD YEAR NORMAL DEPARTURE LAST
                VALUE   (LST)  VALUE       VALUE  FROM      YEAR
                                                  NORMAL
..................................................................
TEMPERATURE (F)
 TODAY
  MAXIMUM         63    245 PM  85    1992  65     -2       58
                                      1953
  MINIMUM         28    529 AM  25    1999  37     -9       36
                                      1977
                                      1927
  AVERAGE         46                        51     -5       47

PRECIPITATION (IN)
  TODAY            0.00          0.60 1980   0.04  -0.04      T
  MONTH TO DATE    0.01                      0.27  -0.26     0.41
  SINCE OCT 1      8.48                      6.97   1.51     7.96
  SINCE JAN 1      3.17                      4.04  -0.87     6.25

SNOWFALL (IN)
  TODAY            0.0
  MONTH TO DATE    0.0
  SINCE JAN 1     13.3
  SINCE JUL 1     33.9
  SNOW DEPTH       0

DEGREE DAYS
 HEATING
  TODAY           19                        14      5       18
  MONTH TO DATE   83                        90     -7       70
  SINCE MAR 1   1424                      1484    -60     1552
  SINCE JUL 1   6416                      6853   -437     7062

 COOLING
  TODAY            0                         0      0        0
  MONTH TO DATE    0                         0      0        0
  SINCE MAR 1      0                         0      0        0
  SINCE JAN 1      0                         0      0        0
..................................................................


WIND (MPH)
  HIGHEST WIND SPEED    15   HIGHEST WIND DIRECTION     N (10)
  HIGHEST GUST SPEED    19   HIGHEST GUST DIRECTION     N (20)
  AVERAGE WIND SPEED     2.5


SKY COVER
  POSSIBLE SUNSHINE  MM
  AVERAGE SKY COVER 0.2


WEATHER CONDITIONS
 THE FOLLOWING WEATHER WAS RECORDED TODAY.
  NO SIGNIFICANT WEATHER WAS OBSERVED.


RELATIVE HUMIDITY (PERCENT)
 HIGHEST    78           600 AM
 LOWEST     19           200 PM
 AVERAGE    49

..........................................................


THE MISSOULA MT CLIMATE NORMALS FOR TOMORROW
                         NORMAL    RECORD    YEAR
 MAXIMUM TEMPERATURE (F)   65        89      1987
 MINIMUM TEMPERATURE (F)   37        24      2010


SUNRISE AND SUNSET
MAY  6 2015...........SUNRISE   614 AM MDT   SUNSET   853 PM MDT
MAY  7 2015...........SUNRISE   612 AM MDT   SUNSET   854 PM MDT


-  INDICATES NEGATIVE NUMBERS.
R  INDICATES RECORD WAS SET OR TIED.
MM INDICATES DATA IS MISSING.
T  INDICATES TRACE AMOUNT.




$$
