000
CDUS41 KBTV 190536
CLIMVL


CLIMATE REPORT
NATIONAL WEATHER SERVICE BURLINGTON VT
135 AM EDT SUN APR 19 2015


...................................

...THE MORRISVILLE VT CLIMATE SUMMARY FOR APRIL 18 2015...

CLIMATE NORMAL PERIOD 1981 TO 2010
CLIMATE RECORD PERIOD 9999 TO 9999


WEATHER ITEM   OBSERVED TIME   NORMAL DEPARTURE LAST
                VALUE   (LST)  VALUE  FROM      YEAR
                                      NORMAL
......................................................
TEMPERATURE (F)
 YESTERDAY
  MAXIMUM         64   1211 PM  55      9       52
  MINIMUM         32    534 AM  31      1       26
  AVERAGE         48            43      5       39

PRECIPITATION (IN)
  YESTERDAY        T             0.07  -0.07     0.00
  MONTH TO DATE    0.26          1.49  -1.23     1.85
  SINCE MAR 1      0.61          3.16  -2.55     4.52
  SINCE JAN 1      1.73          7.44  -5.71     9.12

DEGREE DAYS
 HEATING
  YESTERDAY       17            22     -5       26
  MONTH TO DATE  446           466    -20      466
  SINCE MAR 1   1742          1593    149     1918
  SINCE JUL 1   7424          7553   -129     7972

 COOLING
  YESTERDAY        0             0      0        0
  MONTH TO DATE    0             0      0        0
  SINCE MAR 1      0             0      0        0
  SINCE JAN 1      0             0      0        0
......................................................


WIND (MPH)
  HIGHEST WIND SPEED    23   HIGHEST WIND DIRECTION     N (340)
  HIGHEST GUST SPEED    32   HIGHEST GUST DIRECTION    NW (330)
  AVERAGE WIND SPEED     6.2


SKY COVER
  AVERAGE SKY COVER 0.6


WEATHER CONDITIONS
 THE FOLLOWING WEATHER WAS RECORDED YESTERDAY.
  LIGHT RAIN


RELATIVE HUMIDITY (PERCENT)
 HIGHEST    82           500 AM
 LOWEST     39          1200 PM
 AVERAGE    61

..........................................................


THE MORRISVILLE VT CLIMATE NORMALS FOR TODAY
                         NORMAL    RECORD    YEAR
 MAXIMUM TEMPERATURE (F)   56        84      2002
 MINIMUM TEMPERATURE (F)   32        24      2001


SUNRISE AND SUNSET
APRIL 19 2015.........SUNRISE   600 AM EDT   SUNSET   740 PM EDT
APRIL 20 2015.........SUNRISE   559 AM EDT   SUNSET   741 PM EDT


-  INDICATES NEGATIVE NUMBERS.
R  INDICATES RECORD WAS SET OR TIED.
MM INDICATES DATA IS MISSING.
T  INDICATES TRACE AMOUNT.




$$
