000
CDUS46 KMTR 180832
CLIOAK


CLIMATE REPORT
NATIONAL WEATHER SERVICE SAN FRANCISCO BAY AREA
132 AM PDT SAT APR 18 2015


...................................

...THE OAKLAND AIRPORT CLIMATE SUMMARY FOR APRIL 17 2015...

CLIMATE NORMAL PERIOD 1981 TO 2010
CLIMATE RECORD PERIOD 1948 TO 2015


WEATHER ITEM   OBSERVED TIME   RECORD YEAR NORMAL DEPARTURE LAST
                VALUE   (LST)  VALUE       VALUE  FROM      YEAR
                                                  NORMAL
..................................................................
TEMPERATURE (F)
 YESTERDAY
  MAXIMUM         72    213 PM  87    1954  67      5       64
  MINIMUM         48    540 AM  38    1963  48      0       51
  AVERAGE         60                        58      2       58

PRECIPITATION (IN)
  YESTERDAY        0.00          0.42 1957   0.05  -0.05     0.00
  MONTH TO DATE    0.86                      0.84   0.02     1.01
  SINCE OCT 1     14.17                     19.17  -5.00     8.82
  SINCE JAN 1      2.95                     11.86  -8.91     7.36

SNOWFALL (IN)
  YESTERDAY        0.0                                       0.0
  MONTH TO DATE    0.0                                       0.0
  SINCE MAR 1      0.0                                       0.0
  SINCE JUL 1      0.0                                       0.0

DEGREE DAYS
 HEATING
  YESTERDAY        5                         8     -3        7
  MONTH TO DATE  124                       143    -19      105
  SINCE MAR 1    323                       474   -151      290
  SINCE JUL 1   1632                      2496   -864     2111

 COOLING
  YESTERDAY        0                         0      0        0
  MONTH TO DATE    0                         0      0        2
  SINCE MAR 1      1                         1      0        3
  SINCE JAN 1      1                         1      0        3
..................................................................


WIND (MPH)
  RESULTANT WIND SPEED   7   RESULTANT WIND DIRECTION  NW (300)
  HIGHEST WIND SPEED    20   HIGHEST WIND DIRECTION     W (290)
  HIGHEST GUST SPEED    23   HIGHEST GUST DIRECTION     W (280)
  AVERAGE WIND SPEED     7.2


SKY COVER
  POSSIBLE SUNSHINE  MM
  AVERAGE SKY COVER 0.1


WEATHER CONDITIONS
 THE FOLLOWING WEATHER WAS RECORDED YESTERDAY.
  NO SIGNIFICANT WEATHER WAS OBSERVED.


RELATIVE HUMIDITY (PERCENT)
 HIGHEST    86          1000 PM
 LOWEST     40          1200 PM
 AVERAGE    63

..........................................................


THE OAKLAND AIRPORT CLIMATE NORMALS FOR TODAY
                         NORMAL    RECORD    YEAR
 MAXIMUM TEMPERATURE (F)   67        81      1950
 MINIMUM TEMPERATURE (F)   49        42      2006


SUNRISE AND SUNSET
APRIL 18 2015.........SUNRISE   630 AM PDT   SUNSET   747 PM PDT
APRIL 19 2015.........SUNRISE   629 AM PDT   SUNSET   748 PM PDT


-  INDICATES NEGATIVE NUMBERS.
R  INDICATES RECORD WAS SET OR TIED.
MM INDICATES DATA IS MISSING.
T  INDICATES TRACE AMOUNT.




$$
