000
CDUS43 KGID 280636
CLIODX


CLIMATE REPORT
NATIONAL WEATHER SERVICE HASTINGS NE
134 AM CDT TUE APR 28 2015


...................................

...THE ORD NE CLIMATE SUMMARY FOR APRIL 27 2015...

CLIMATE NORMAL PERIOD 1981 TO 2010
CLIMATE RECORD PERIOD 1895 TO 2015


WEATHER ITEM   OBSERVED TIME   NORMAL DEPARTURE LAST
                VALUE   (LST)  VALUE  FROM      YEAR
                                      NORMAL
......................................................
TEMPERATURE (F)
 YESTERDAY
  MAXIMUM         69    357 PM  65      4       76
  MINIMUM         31    613 AM  40     -9       44
  AVERAGE         50            52     -2       60

PRECIPITATION (IN)
  YESTERDAY        0.00          0.11  -0.11     0.22
  MONTH TO DATE    2.71          2.26   0.45     1.11
  SINCE MAR 1      2.74          3.71  -0.97     1.31
  SINCE JAN 1      3.48          4.52  -1.04     1.56

DEGREE DAYS
 HEATING
  YESTERDAY       15            13      2        5
  MONTH TO DATE  388           453    -65      430
  SINCE MAR 1   1114          1299   -185     1377
  SINCE JUL 1   6246          6316    -70     6530

 COOLING
  YESTERDAY        0             0      0        0
  MONTH TO DATE    4             0      4        1
  SINCE MAR 1      4             0      4        1
  SINCE JAN 1      4             0      4        1
......................................................


WIND (MPH)
  HIGHEST WIND SPEED    17   HIGHEST WIND DIRECTION    NE (30)
  HIGHEST GUST SPEED    22   HIGHEST GUST DIRECTION     N (20)
  AVERAGE WIND SPEED     6.3


SKY COVER
  AVERAGE SKY COVER 0.0


WEATHER CONDITIONS
 THE FOLLOWING WEATHER WAS RECORDED YESTERDAY.
  FOG


RELATIVE HUMIDITY (PERCENT)
 HIGHEST    89           100 AM
 LOWEST     24           300 PM
 AVERAGE    57

..........................................................


THE ORD NE CLIMATE NORMALS FOR TODAY
                         NORMAL
 MAXIMUM TEMPERATURE (F)   66
 MINIMUM TEMPERATURE (F)   40


SUNRISE AND SUNSET
APRIL 28 2015.........SUNRISE   637 AM CDT   SUNSET   830 PM CDT
APRIL 29 2015.........SUNRISE   636 AM CDT   SUNSET   831 PM CDT


-  INDICATES NEGATIVE NUMBERS.
R  INDICATES RECORD WAS SET OR TIED.
MM INDICATES DATA IS MISSING.
T  INDICATES TRACE AMOUNT.




$$
