000
CDUS43 KOAX 031137 CCA
CLIOFK

CLIMATE REPORT...CORRECTION
NATIONAL WEATHER SERVICE OMAHA NEBRASKA
146 AM CDT SUN MAY 3 2015

...CORRECTED SNOWFALL...


...................................

...THE NORFOLK, NEBRASKA CLIMATE SUMMARY FOR MAY 2 2015...

CLIMATE NORMAL PERIOD 1981 TO 2010
CLIMATE RECORD PERIOD 1888 TO 2015


WEATHER ITEM   OBSERVED TIME   RECORD YEAR NORMAL DEPARTURE LAST
                VALUE   (LST)  VALUE       VALUE  FROM      YEAR
                                                  NORMAL
..................................................................
TEMPERATURE (F)
 YESTERDAY
  MAXIMUM         85    514 PM  95    1955  68     17       74
  MINIMUM         47    155 AM  21    1909  44      3       32
                                      1908
  AVERAGE         66                        56     10       53

PRECIPITATION (IN)
  YESTERDAY        0.03          0.98 2008   0.12  -0.09     0.00
  MONTH TO DATE    0.04                      0.22  -0.18      T
  SINCE MAR 1      2.80                      4.64  -1.84     3.68
  SINCE JAN 1      3.68                      5.99  -2.31     4.24

SNOWFALL (IN)
  YESTERDAY        0.0                       0.1   -0.1      0.0
  MONTH TO DATE    0.0                       0.1   -0.1      0.0
  SINCE JUL 1     20.7                      30.6   -9.9     19.9
  SNOW DEPTH       0

DEGREE DAYS
 HEATING
  YESTERDAY        0                        10    -10       12
  MONTH TO DATE    3                        20    -17       34
  SINCE MAR 1   1057                      1350   -293     1414
  SINCE JUL 1   6103                      6443   -340     6764

 COOLING
  YESTERDAY        1                         1      0        0
  MONTH TO DATE    1                         2     -1        0
  SINCE MAR 1      6                        14     -8        2
  SINCE JAN 1      6                        14     -8        2
..................................................................


WIND (MPH)
  HIGHEST WIND SPEED    24   HIGHEST WIND DIRECTION     S (170)
  HIGHEST GUST SPEED    30   HIGHEST GUST DIRECTION     S (160)
  AVERAGE WIND SPEED    10.9


SKY COVER
  POSSIBLE SUNSHINE  MM
  AVERAGE SKY COVER 0.2


WEATHER CONDITIONS
 THE FOLLOWING WEATHER WAS RECORDED YESTERDAY.
  THUNDERSTORM
  LIGHT RAIN


RELATIVE HUMIDITY (PERCENT)
 HIGHEST    86           300 AM
 LOWEST     31           400 PM
 AVERAGE    59

..........................................................


THE NORFOLK, NEBRASKA CLIMATE NORMALS FOR TODAY
                         NORMAL    RECORD    YEAR
 MAXIMUM TEMPERATURE (F)   68        92      1949
 MINIMUM TEMPERATURE (F)   44        24      1976
                                             1910


SUNRISE AND SUNSET
MAY  3 2015...........SUNRISE   623 AM CDT   SUNSET   830 PM CDT
MAY  4 2015...........SUNRISE   622 AM CDT   SUNSET   832 PM CDT


-  INDICATES NEGATIVE NUMBERS.
R  INDICATES RECORD WAS SET OR TIED.
MM INDICATES DATA IS MISSING.
T  INDICATES TRACE AMOUNT.




$$

COR BY KLISH
