000
CDUS42 KCAE 030525
CLIOGB


CLIMATE REPORT
NATIONAL WEATHER SERVICE COLUMBIA SC
125 AM EDT SUN MAY 3 2015


...................................

...THE ORANGEBURG AIRPORT SC CLIMATE SUMMARY FOR MAY 2 2015...

CLIMATE NORMAL PERIOD 1981 TO 2010
CLIMATE RECORD PERIOD 9999 TO 9999


WEATHER ITEM   OBSERVED TIME   NORMAL DEPARTURE LAST
                VALUE   (LST)  VALUE  FROM      YEAR
                                      NORMAL
......................................................
TEMPERATURE (F)
 YESTERDAY
  MAXIMUM         79    406 PM  81     -2       68
  MINIMUM         47    454 AM  55     -8       57
  AVERAGE         63            68     -5       63

PRECIPITATION (IN)
  YESTERDAY        0.00          0.08  -0.08      T
  MONTH TO DATE    0.00          0.15  -0.15     0.13
  SINCE MAR 1      6.09          6.98  -0.89     6.73
  SINCE JAN 1     12.94         14.55  -1.61    12.65

DEGREE DAYS
 HEATING
  YESTERDAY        2             1      1        2
  MONTH TO DATE    7             2      5        2
  SINCE MAR 1    252           387   -135      466
  SINCE JUL 1   2326          2319      7     2330

 COOLING
  YESTERDAY        0             4     -4        0
  MONTH TO DATE    0             8     -8        3
  SINCE MAR 1    122            90     32       86
  SINCE JAN 1    122            93     29       92
......................................................


WIND (MPH)
  HIGHEST WIND SPEED    13   HIGHEST WIND DIRECTION    NW (330)
  HIGHEST GUST SPEED    17   HIGHEST GUST DIRECTION    NW (310)
  AVERAGE WIND SPEED     3.5


SKY COVER
  AVERAGE SKY COVER 0.0


WEATHER CONDITIONS
 THE FOLLOWING WEATHER WAS RECORDED YESTERDAY.
  FOG


RELATIVE HUMIDITY (PERCENT)
 HIGHEST    93           100 AM
 LOWEST     25           400 PM

..........................................................


THE ORANGEBURG AIRPORT SC CLIMATE NORMALS FOR TODAY
                         NORMAL    RECORD    YEAR
 MAXIMUM TEMPERATURE (F)   81        MM        MM
 MINIMUM TEMPERATURE (F)   55        MM        MM


SUNRISE AND SUNSET
MAY  3 2015...........SUNRISE   633 AM EDT   SUNSET   808 PM EDT
MAY  4 2015...........SUNRISE   632 AM EDT   SUNSET   808 PM EDT


-  INDICATES NEGATIVE NUMBERS.
R  INDICATES RECORD WAS SET OR TIED.
MM INDICATES DATA IS MISSING.
T  INDICATES TRACE AMOUNT.




$$
