000
CDUS46 KSGX 031420
CLIOKB


CLIMATE REPORT
NATIONAL WEATHER SERVICE SAN DIEGO, CA
720 AM PDT SUN MAY 3 2015


...................................

...THE OCEANSIDE AIRPORT CA CLIMATE SUMMARY FOR MAY 2 2015...

CLIMATE NORMAL PERIOD 1981 TO 2010
CLIMATE RECORD PERIOD 1999 TO 2015


WEATHER ITEM   OBSERVED TIME   RECORD YEAR NORMAL DEPARTURE LAST
                VALUE   (LST)  VALUE       VALUE  FROM      YEAR
                                                  NORMAL
..................................................................
TEMPERATURE (F)
 YESTERDAY
  MAXIMUM         72    148 PM  92    2004  69      3       89
  MINIMUM         49    410 AM  45    2011  52     -3       48
                                      2002
  AVERAGE         61                        60      1       69

PRECIPITATION (IN)
  YESTERDAY        0.00          0.03 2012   0.02  -0.02     0.00
  MONTH TO DATE    0.00                      0.04  -0.04     0.00
  SINCE OCT 1      5.92                     12.82  -6.90     4.19
  SINCE JAN 1      1.52                      8.94  -7.42     2.60

SNOWFALL (IN)
  YESTERDAY        0.0
  MONTH TO DATE    0.0
  SINCE MAR 1      0.0
  SINCE JUL 1      0.0
  SNOW DEPTH       0

DEGREE DAYS
 HEATING
  YESTERDAY        4                         5     -1        0
  MONTH TO DATE    4                        10     -6        0
  SINCE MAR 1    254                       496   -242      329
  SINCE JUL 1   1128                      1904   -776     1501

 COOLING
  YESTERDAY        0                         0      0        4
  MONTH TO DATE    0                         0      0       11
  SINCE MAR 1     34                         3     31       27
  SINCE JAN 1     34                         3     31       27
..................................................................


WIND (MPH)
  RESULTANT WIND SPEED   4   RESULTANT WIND DIRECTION  SW (220)
  HIGHEST WIND SPEED    15   HIGHEST WIND DIRECTION     S (200)
  HIGHEST GUST SPEED    19   HIGHEST GUST DIRECTION     W (250)
  AVERAGE WIND SPEED     5.6


SKY COVER
  POSSIBLE SUNSHINE  MM
  AVERAGE SKY COVER 0.3


WEATHER CONDITIONS
 THE FOLLOWING WEATHER WAS RECORDED YESTERDAY.
  NO SIGNIFICANT WEATHER WAS OBSERVED.


RELATIVE HUMIDITY (PERCENT)
 HIGHEST    86           500 AM
 LOWEST     60           700 AM
 AVERAGE    73

..........................................................


THE OCEANSIDE AIRPORT CA CLIMATE NORMALS FOR TODAY
                         NORMAL    RECORD    YEAR
 MAXIMUM TEMPERATURE (F)   69        95      2004
 MINIMUM TEMPERATURE (F)   52        43      2013
                                             2002


SUNRISE AND SUNSET
MAY  3 2015...........SUNRISE   600 AM PDT   SUNSET   733 PM PDT
MAY  4 2015...........SUNRISE   559 AM PDT   SUNSET   734 PM PDT


-  INDICATES NEGATIVE NUMBERS.
R  INDICATES RECORD WAS SET OR TIED.
MM INDICATES DATA IS MISSING.
T  INDICATES TRACE AMOUNT.




$$
