000
CDUS45 KGGW 041231
CLIOLF


CLIMATE REPORT
NATIONAL WEATHER SERVICE GLASGOW MT
631 AM MDT MON MAY 4 2015


...................................

...THE WOLF POINT MT CLIMATE SUMMARY FOR MAY 4 2015...
VALID AS OF 0600 AM LOCAL TIME.

CLIMATE NORMAL PERIOD 1981 TO 2010
CLIMATE RECORD PERIOD 9999 TO 9999


WEATHER ITEM   OBSERVED RECORD YEAR NORMAL DEPARTURE
                VALUE   VALUE       VALUE  FROM
                                           NORMAL
........................................................
TEMPERATURE (F)
 TODAY
  MAXIMUM         37     MM      MM  67
  MINIMUM         32     MM      MM  34
  AVERAGE         35

PRECIPITATION (IN)
  TODAY            0.00  MM      MM   0.03  -0.03
  MONTH TO DATE    0.00               0.14  -0.14
  SINCE OCT 1      2.13               3.56  -1.43
  SINCE JAN 1      1.56               2.06  -0.50

SNOWFALL (IN)
  TODAY            0.0   MM      MM  MM
  MONTH TO DATE    0.0               MM
  SINCE MAR 1      0.0               MM
  SINCE JUL 1      0.0               MM

DEGREE DAYS
 HEATING
  TODAY           30

 COOLING
  TODAY            0
........................................................







THE WOLF POINT MT CLIMATE NORMALS FOR TOMORROW
                         NORMAL    RECORD    YEAR
 MAXIMUM TEMPERATURE (F)   67        MM        MM
 MINIMUM TEMPERATURE (F)   35        MM        MM


SUNRISE AND SUNSET
MAY  4 2015...........SUNRISE   539 AM MDT   SUNSET   820 PM MDT
MAY  5 2015...........SUNRISE   538 AM MDT   SUNSET   821 PM MDT


-  INDICATES NEGATIVE NUMBERS.
R  INDICATES RECORD WAS SET OR TIED.
MM INDICATES DATA IS MISSING.
T  INDICATES TRACE AMOUNT.




$$
