000
CDUS43 KOAX 280628
CLIOMA


CLIMATE REPORT
NATIONAL WEATHER SERVICE OMAHA NEBRASKA
127 AM CDT TUE APR 28 2015


...................................

...THE OMAHA EPPLEY, NEBRASKA CLIMATE SUMMARY FOR APRIL 27 2015...

CLIMATE NORMAL PERIOD 1981 TO 2010
CLIMATE RECORD PERIOD 1871 TO 2015


WEATHER ITEM   OBSERVED TIME   RECORD YEAR NORMAL DEPARTURE LAST
                VALUE   (LST)  VALUE       VALUE  FROM      YEAR
                                                  NORMAL
..................................................................
TEMPERATURE (F)
 YESTERDAY
  MAXIMUM         71    426 PM  92    1989  68      3       69
  MINIMUM         36    418 AM  30    1950  44     -8       57
                                      1908
  AVERAGE         54                        56     -2       63

PRECIPITATION (IN)
  YESTERDAY        0.00          2.29 1877   0.12  -0.12     0.53
  MONTH TO DATE    3.67                      2.59   1.08     2.52
  SINCE MAR 1      4.21                      4.58  -0.37     2.73
  SINCE JAN 1      5.35                      6.15  -0.80     3.59

SNOWFALL (IN)
  YESTERDAY        0.0                       0.1   -0.1      0.0
  MONTH TO DATE    T                         1.0   -1.0      0.6
  SINCE JUL 1     13.8                      26.4  -12.6     17.8
  SNOW DEPTH       0

DEGREE DAYS
 HEATING
  YESTERDAY       11                        10      1        2
  MONTH TO DATE  296                       385    -89      355
  SINCE MAR 1    948                      1176   -228     1234
  SINCE JUL 1   5659                      5974   -315     6339

 COOLING
  YESTERDAY        0                         1     -1        0
  MONTH TO DATE    5                        11     -6       15
  SINCE MAR 1      5                        12     -7       15
  SINCE JAN 1      5                        12     -7       15
..................................................................


WIND (MPH)
  HIGHEST WIND SPEED    18   HIGHEST WIND DIRECTION    NE (40)
  HIGHEST GUST SPEED    26   HIGHEST GUST DIRECTION    NE (30)
  AVERAGE WIND SPEED     8.9


SKY COVER
  POSSIBLE SUNSHINE  MM
  AVERAGE SKY COVER 0.6


WEATHER CONDITIONS
 THE FOLLOWING WEATHER WAS RECORDED YESTERDAY.
  NO SIGNIFICANT WEATHER WAS OBSERVED.


RELATIVE HUMIDITY (PERCENT)
 HIGHEST    92           500 AM
 LOWEST     22           200 PM
 AVERAGE    57

..........................................................


THE OMAHA EPPLEY, NEBRASKA CLIMATE NORMALS FOR TODAY
                         NORMAL    RECORD    YEAR
 MAXIMUM TEMPERATURE (F)   68        94      1910
 MINIMUM TEMPERATURE (F)   45        30      1990


SUNRISE AND SUNSET
APRIL 28 2015.........SUNRISE   625 AM CDT   SUNSET   818 PM CDT
APRIL 29 2015.........SUNRISE   624 AM CDT   SUNSET   819 PM CDT


-  INDICATES NEGATIVE NUMBERS.
R  INDICATES RECORD WAS SET OR TIED.
MM INDICATES DATA IS MISSING.
T  INDICATES TRACE AMOUNT.




$$
