000
CDUS46 KOTX 270821
CLIOMK


CLIMATE REPORT
NATIONAL WEATHER SERVICE SPOKANE, WA
120 AM PDT MON APR 27 2015


...................................

...THE OMAK WA AIRPORT CLIMATE SUMMARY FOR APRIL 26 2015...

CLIMATE NORMAL PERIOD 1981 TO 2010
CLIMATE RECORD PERIOD 9999 TO 9999


WEATHER ITEM   OBSERVED TIME   RECORD YEAR NORMAL DEPARTURE LAST
                VALUE   (LST)  VALUE       VALUE  FROM      YEAR
                                                  NORMAL
..................................................................
TEMPERATURE (F)
 YESTERDAY
  MAXIMUM         65    440 PM  83    2005  66     -1       62
  MINIMUM         32    450 AM  23    1954  38     -6       36
  AVERAGE         49                        52     -3       49

PRECIPITATION (IN)
  YESTERDAY        0.01          0.59 2012   0.03  -0.02     0.00
  MONTH TO DATE    0.10                      0.91  -0.81     1.18
  SINCE OCT 1      9.32                     10.52  -1.20     5.33
  SINCE JAN 1      2.75                      5.07  -2.32     4.16

SNOWFALL (IN)
  YESTERDAY       MM

DEGREE DAYS
 HEATING
  YESTERDAY       16                        13      3       16
  MONTH TO DATE  423                       401     22      402
  SINCE MAR 1    971                      1130   -159     1152
  SINCE JUL 1   5157                      5991   -834     6142

 COOLING
  YESTERDAY        0                         0      0        0
  MONTH TO DATE    0                         0      0        0
  SINCE MAR 1      0                         0      0        0
  SINCE JAN 1      0                         0      0        0
..................................................................


WIND (MPH)
  HIGHEST WIND SPEED    17   HIGHEST WIND DIRECTION    SE (150)
  HIGHEST GUST SPEED    27   HIGHEST GUST DIRECTION    SE (140)
  AVERAGE WIND SPEED     6.0


SKY COVER
  POSSIBLE SUNSHINE  MM
  AVERAGE SKY COVER 0.2


WEATHER CONDITIONS
 THE FOLLOWING WEATHER WAS RECORDED YESTERDAY.
  LIGHT RAIN


RELATIVE HUMIDITY (PERCENT)
 HIGHEST    89           500 AM
 LOWEST     24           500 PM
 AVERAGE    57

..........................................................


THE OMAK WA AIRPORT CLIMATE NORMALS FOR TODAY
                         NORMAL    RECORD    YEAR
 MAXIMUM TEMPERATURE (F)   67        83      1980
 MINIMUM TEMPERATURE (F)   39        25      1955


SUNRISE AND SUNSET
APRIL 27 2015.........SUNRISE   546 AM PDT   SUNSET   806 PM PDT
APRIL 28 2015.........SUNRISE   544 AM PDT   SUNSET   808 PM PDT


-  INDICATES NEGATIVE NUMBERS.
R  INDICATES RECORD WAS SET OR TIED.
MM INDICATES DATA IS MISSING.
T  INDICATES TRACE AMOUNT.




$$
