000
CDUS45 KBOI 040931
CLIONO


CLIMATE REPORT
NATIONAL WEATHER SERVICE BOISE ID
331 AM MDT MON MAY 4 2015


...................................

...THE ONTARIO OR CLIMATE SUMMARY FOR MAY 3 2015...

CLIMATE NORMAL PERIOD 1981 TO 2010
CLIMATE RECORD PERIOD 1948 TO 2015


WEATHER ITEM   OBSERVED TIME   RECORD YEAR NORMAL DEPARTURE LAST
                VALUE   (LST)  VALUE       VALUE  FROM      YEAR
                                                  NORMAL
..................................................................
TEMPERATURE (F)
 YESTERDAY
  MAXIMUM         80    626 PM  93    1966  70     10       78
  MINIMUM         48    421 AM  27    1959  40      8       50
  AVERAGE         64                        55      9       64

PRECIPITATION (IN)
  YESTERDAY        0.00          0.51 2009   0.04  -0.04     0.00
  MONTH TO DATE    0.00                      0.11  -0.11     0.00
  SINCE OCT 1      6.86                      7.31  -0.45     5.82
  SINCE JAN 1      2.40                      3.90  -1.50     4.31

DEGREE DAYS
 HEATING
  YESTERDAY        1                        10     -9        1
  MONTH TO DATE   13                        31    -18        9
  SINCE MAR 1    923                      1142   -219     1000
  SINCE JUL 1   4717                      5772  -1055     5756

 COOLING
  YESTERDAY        0                         0      0        0
  MONTH TO DATE    0                         0      0        0
  SINCE MAR 1      0                         1     -1        0
  SINCE JAN 1      0                         1     -1        0
..................................................................


WIND (MPH)
  HIGHEST WIND SPEED    18   HIGHEST WIND DIRECTION    NW (320)
  HIGHEST GUST SPEED    24   HIGHEST GUST DIRECTION    NW (320)
  AVERAGE WIND SPEED     5.7


SKY COVER
  AVERAGE SKY COVER 0.0


WEATHER CONDITIONS
 THE FOLLOWING WEATHER WAS RECORDED YESTERDAY.
  NO SIGNIFICANT WEATHER WAS OBSERVED.


RELATIVE HUMIDITY (PERCENT)
 HIGHEST    44           600 AM
 LOWEST     15           500 PM
 AVERAGE    30

..........................................................


THE ONTARIO OR CLIMATE NORMALS FOR TODAY
                         NORMAL    RECORD    YEAR
 MAXIMUM TEMPERATURE (F)   71        98      1966
 MINIMUM TEMPERATURE (F)   41        28      1999


SUNRISE AND SUNSET
MAY  4 2015...........SUNRISE   636 AM MDT   SUNSET   855 PM MDT
MAY  5 2015...........SUNRISE   634 AM MDT   SUNSET   856 PM MDT


-  INDICATES NEGATIVE NUMBERS.
R  INDICATES RECORD WAS SET OR TIED.
MM INDICATES DATA IS MISSING.
T  INDICATES TRACE AMOUNT.




$$
