000
CDAK49 PAOT 181200
CLIOTZ

CLIMATE REPORT
NATIONAL WEATHER SERVICE KOTZEBUE, AK
400 AM AKDT SAT APR 18 2015

...................................
...THE KOTZEBUE WSO AP CLIMATE SUMMARY FOR APRIL 17 2015...

CLIMATE NORMAL PERIOD  1981 TO  2010
CLIMATE RECORD PERIOD  1897 TO  2015

WEATHER ITEM   OBSERVED TIME    RECORD YEAR NORMAL DEPARTURE LAST
               VALUE    (LST)   VALUE       VALUE  FROM      YEAR
                                                   NORMAL
...................................................................
TEMPERATURE
YESTERDAY
 MAXIMUM            16  0708 PM    45  1904     22      -6     34
 MINIMUM            -2  0415 AM   -22  1959      6      -8     19
 AVERAGE             7                          14      -7     27

PRECIPITATION
(INCHES)
 YESTERDAY           T           0.26  2002   0.02   -0.02   0.00
 MONTH TO DATE    0.35                        0.28    0.07   0.07
 SINCE MAR 1      0.88                        0.72    0.16   0.41
 SINCE JAN 1      1.73                        2.00   -0.27   1.13

SNOWFALL
(INCHES)
 YESTERDAY           T            6.2  2002    0.2    -0.2    0.0
 MONTH TO DATE     3.4                         3.1     0.3    0.4
 SINCE MAR 1       8.9                         9.0    -0.1    7.2
 SINCE JUL 1      24.2                        56.6   -32.4   32.2
 SNOW DEPTH (IN)    10                                          5

DEGREE DAYS
 HEATING
  YESTERDAY         58                          51       7     38
  MONTH TO DATE    940                         955     -15    892
  SINCE MAR 1     3017                        2942      75   2657
  SINCE JUL 1    11868                       13184   -1316  11608

 COOLING
  YESTERDAY          0                           0       0      0
  MONTH TO DATE      0                           0       0      0
  SINCE MAR 1        0                           0       0      0
  SINCE JAN 1        0                           0       0      0
...................................................................

WIND (MPH)
 HIGHEST WIND SPEED    16     HIGHEST WIND DIRECTION    290
 HIGHEST GUST SPEED    19     HIGHEST GUST DIRECTION    290
 AVERAGE WIND SPEED   6.6

SKY COVER
  POSSIBLE SUNSHINE    MM          AVERAGE SKY COVER     MM

WEATHER CONDITIONS
 THE FOLLOWING WEATHER WAS RECORDED YESTERDAY.
  FOG
  SNOW


RELATIVE HUMIDITY
 HIGHEST RH     MM PERCENT       MM
 LOWEST  RH     MM PERCENT       MM
 AVERAGE RH     MM PERCENT       MM
...................................................................

THE KOTZEBUE CLIMATE NORMALS FOR TODAY
                           NORMAL    RECORD   YEAR
 MAXIMUM TEMPERATURE (F)     23        40     1953
 MINIMUM TEMPERATURE (F)      7       -24     1899

SUNRISE AND SUNSET
 APR 18 2015..........SUNRISE  6:54 AM      SUNSET 10:49 PM
 APR 19 2015..........SUNRISE  6:50 AM      SUNSET 10:53 PM

-  INDICATES NEGATIVE NUMBERS.
R  INDICATES RECORD HAS BEEN SET OR TIED.
MM INDICATES DATA IS MISSING.
T  INDICATES TRACE OF PRECIPITATION.

&&
-------------------------------------------------------------------

AMOUNT OF DAYLIGHT TODAY  (HOUR:MIN)........15 HOURS 55 MINUTES
GAIN SINCE YESTERDAY (HOUR:MIN:SEC).........+0:07:46

$$

DT APR 15
