000
CDUS45 KRIW 260740
CLIP60


CLIMATE REPORT
NATIONAL WEATHER SERVICE RIVERTON WY
136 AM MDT SUN APR 26 2015


...................................

...THE LAKE YELLOWSTONE WY CLIMATE SUMMARY FOR APRIL 25 2015...

CLIMATE NORMAL PERIOD 1981 TO 2010
CLIMATE RECORD PERIOD 1998 TO 2015


WEATHER ITEM   OBSERVED TIME   RECORD YEAR NORMAL DEPARTURE LAST
                VALUE   (LST)  VALUE       VALUE  FROM      YEAR
                                                  NORMAL
..................................................................
TEMPERATURE (F)
 YESTERDAY
  MAXIMUM         41    442 PM  56    2011  46     -5       43
  MINIMUM         29    853 AM   4    2009  22      7       28
  AVERAGE         35                        34      1       36

PRECIPITATION (IN)
  YESTERDAY        0.02          0.51 2011   0.07  -0.05     0.23
  MONTH TO DATE    0.82                      1.69  -0.87     3.04
  SINCE MAR 1      1.57                      2.90  -1.33     7.62
  SINCE JAN 1      4.46                      6.42  -1.96    12.70

DEGREE DAYS
 HEATING
  YESTERDAY       30                        31     -1       29
  MONTH TO DATE  856                       862     -6      929
  SINCE MAR 1   2030                      2164   -134     2302
  SINCE JUL 1   9594                     10101   -507    10355

 COOLING
  YESTERDAY        0                         0      0        0
  MONTH TO DATE    0                         0      0        0
  SINCE MAR 1      0                         0      0        0
  SINCE JAN 1      0                         0      0        0
..................................................................


WIND (MPH)
  HIGHEST WIND SPEED    12   HIGHEST WIND DIRECTION     W (280)
  HIGHEST GUST SPEED    17   HIGHEST GUST DIRECTION     W (280)
  AVERAGE WIND SPEED     2.7


SKY COVER
  POSSIBLE SUNSHINE  MM
  AVERAGE SKY COVER 0.0


WEATHER CONDITIONS
 THE FOLLOWING WEATHER WAS RECORDED YESTERDAY.
  NO SIGNIFICANT WEATHER WAS OBSERVED.


RELATIVE HUMIDITY (PERCENT)
 HIGHEST    92           300 AM
 LOWEST     44           500 PM
 AVERAGE    68

..........................................................


THE LAKE YELLOWSTONE WY CLIMATE NORMALS FOR TODAY
                         NORMAL    RECORD    YEAR
 MAXIMUM TEMPERATURE (F)   46        56      2004
                                             2001
 MINIMUM TEMPERATURE (F)   23         0      2008


SUNRISE AND SUNSET
APRIL 26 2015.........SUNRISE   620 AM MDT   SUNSET   820 PM MDT
APRIL 27 2015.........SUNRISE   618 AM MDT   SUNSET   821 PM MDT


-  INDICATES NEGATIVE NUMBERS.
R  INDICATES RECORD WAS SET OR TIED.
MM INDICATES DATA IS MISSING.
T  INDICATES TRACE AMOUNT.




$$
